{"id":459,"date":"2017-12-29T14:58:57","date_gmt":"2017-12-29T14:58:57","guid":{"rendered":"http:\/\/localhost:8085\/tiki\/?post_type=product&#038;p=459"},"modified":"2017-12-29T14:59:16","modified_gmt":"2017-12-29T14:59:16","slug":"vua-luoi-vua-ban-van-gioi-tieng-anh","status":"publish","type":"product","link":"https:\/\/zsoftware.vn\/?product=vua-luoi-vua-ban-van-gioi-tieng-anh","title":{"rendered":"V\u1eeba L\u01b0\u1eddi V\u1eeba B\u1eadn V\u1eabn Gi\u1ecfi Ti\u1ebfng Anh"},"content":{"rendered":"<div class=\"left\">\n<h3 class=\"product-table-title\">Th\u00f4ng Tin Chi Ti\u1ebft<\/h3>\n<div class=\"white-panel\">\n<div class=\"attribute-table single-table\"><\/div>\n<table id=\"chi-tiet\" class=\"table table-bordered table-detail table-striped\" cellspacing=\"0\">\n<colgroup>\n<col style=\"width: 25%;\" \/>\n<col \/> <\/colgroup>\n<tbody>\n<tr>\n<td>C\u00f4ng ty ph\u00e1t h\u00e0nh<\/td>\n<td class=\"last\"><a href=\"http:\/\/tiki.vn\/cty-sach\/mc-books.html\">MCBooks<\/a><\/td>\n<\/tr>\n<tr>\n<td>Nh\u00e0 xu\u1ea5t b\u1ea3n<\/td>\n<td class=\"last\">Nh\u00e0 Xu\u1ea5t B\u1ea3n Ph\u1ee5 N\u1eef<\/td>\n<\/tr>\n<tr>\n<td>K\u00edch th\u01b0\u1edbc<\/td>\n<td class=\"last\">17 x 24 cm<\/td>\n<\/tr>\n<tr>\n<td>T\u00e1c gi\u1ea3<\/td>\n<td class=\"last\">Nguy\u1ec5n V\u0103n Hi\u1ec7p (Ch\u1ee7 bi\u00ean)<\/td>\n<\/tr>\n<tr>\n<td>Lo\u1ea1i b\u00eca<\/td>\n<td class=\"last\">B\u00eca m\u1ec1m<\/td>\n<\/tr>\n<tr>\n<td>S\u1ed1 trang<\/td>\n<td class=\"last\">339<\/td>\n<\/tr>\n<tr>\n<td>Ng\u00e0y xu\u1ea5t b\u1ea3n<\/td>\n<td class=\"last\">07-2016<\/td>\n<\/tr>\n<tr>\n<td>L\u01b0u \u00fd<\/td>\n<td class=\"last\">S\u00e1ch kh\u00f4ng c\u00f2n k\u00e8m CD m\u00e0 thay b\u1eb1ng \u1ee9ng d\u1ee5ng tr\u00ean \u0111i\u1ec7n tho\u1ea1i<\/td>\n<\/tr>\n<tr>\n<td>SKU<\/td>\n<td class=\"last\">2391110900679<\/td>\n<\/tr>\n<\/tbody>\n<\/table>\n<\/div>\n<h3 class=\"product-table-title\">Gi\u1edbi Thi\u1ec7u S\u00e1ch<\/h3>\n<div class=\"white-panel\">\n<div class=\"product-description\">\n<div class=\"product-content-detail\">\n<div id=\"gioi-thieu\" class=\"content js-content expand\" style=\"max-height: none;\">\n<p style=\"text-align: justify;\"><span style=\"color: #ff6600; font-size: medium;\"><strong>V\u1eeba L\u01b0\u1eddi V\u1eeba B\u1eadn V\u1eabn Gi\u1ecfi Ti\u1ebfng Anh<\/strong><\/span><\/p>\n<p style=\"text-align: justify;\">B\u1ea1n c\u00f3 mu\u1ed1n gi\u1ecfi ti\u1ebfng Anh m\u00e0 kh\u00f4ng m\u1ea5t qu\u00e1 nhi\u1ec1u th\u1eddi gian v\u00e0 kh\u00f4ng ph\u1ea3i ng\u1ed3i v\u00e0o b\u00e0n h\u1ecdc?<\/p>\n<p>Ai c\u0169ng mu\u1ed1n gi\u1ecfi ti\u1ebfng Anh nh\u01b0ng khi b\u1eaft \u0111\u1ea7u \u0111\u01b0\u1ee3c m\u1ed9t th\u1eddi gian th\u00ec l\u1ea1i th\u1ea5y ch\u00e1n n\u1ea3n, kh\u00f4ng c\u00f3 \u0111\u1ed9ng l\u1ef1c v\u00ec qu\u00e1 kh\u00f3 ho\u1eb7c b\u1ea3n th\u00e2n qu\u00e1 b\u1eadn. Tuy nhi\u00ean, trong th\u1ef1c t\u1ebf, m\u1ed7i ng\u00e0y th\u00ec b\u1ea5t k\u1ef3 ai c\u0169ng c\u00f3 v\u00e0i ti\u1ebfng b\u1ed9 n\u00e3o kh\u00e1 l\u00e0 th\u1ea3nh th\u01a1i, b\u1ea1n c\u00f3 th\u1ec3 ho\u00e0n to\u00e0n v\u1eeba gi\u1ea3i tr\u00ed v\u1eeba luy\u1ec7n ti\u1ebfng Anh trong kho\u1ea3ng th\u1eddi gian \u0111\u00f3. V\u00ed d\u1ee5 nh\u01b0 l\u00e0 n\u1ea5u c\u01a1m, r\u1eeda b\u00e1t, d\u1ecdn nh\u00e0, \u0111\u1ee3i xe bu\u00fdt hay l\u00e0 l\u00fac ch\u1ea1y b\u1ed9 t\u1eadp th\u1ec3 d\u1ee5c n\u1eefa ch\u1eb3ng h\u1ea1n\u2026<\/p>\n<p><img loading=\"lazy\" decoding=\"async\" style=\"display: block; margin-left: auto; margin-right: auto;\" title=\"V\u1eeba L\u01b0\u1eddi V\u1eeba B\u1eadn V\u1eabn Gi\u1ecfi Ti\u1ebfng Anh\" src=\"https:\/\/tikicdn.com\/media\/catalog\/product\/i\/m\/img_0648.u547.d20161018.t150759.678237.jpg\" alt=\"V\u1eeba L\u01b0\u1eddi V\u1eeba B\u1eadn V\u1eabn Gi\u1ecfi Ti\u1ebfng Anh\" width=\"500\" height=\"333\" \/><\/p>\n<p style=\"text-align: center;\"><em>H\u00ecnh \u1ea3nh 1: T\u00e1c gi\u1ea3 Nguy\u1ec5n V\u0103n Hi\u1ec7p v\u00e0 s\u00e1ch<\/em><\/p>\n<p style=\"text-align: justify;\">Cu\u1ed1n s\u00e1ch <strong><em>V\u1eeba l\u01b0\u1eddi v\u1eeba b\u1eadn v\u1eabn gi\u1ecfi ti\u1ebfng Anh <\/em><\/strong>\u0111\u01b0\u1ee3c thi\u1ebft k\u1ebf nh\u01b0 m\u1ed9t s\u1ea3n ph\u1ea9m h\u1ecdc b\u1eb1ng \u00e2m thanh, sao cho ai c\u0169ng c\u00f3 th\u1ec3 h\u1ecdc \u0111\u01b0\u1ee3c, s\u00e1ch c\u0169ng hi\u1ec7u qu\u1ea3 cho c\u1ea3 ng\u01b0\u1eddi mu\u1ed1n h\u1ecdc \u0111\u1ec3 giao ti\u1ebfp th\u1ef1c t\u1ebf trong \u0111\u1eddi s\u1ed1ng v\u00e0 trong c\u00f4ng vi\u1ec7c. C\u1ea5u tr\u00fac c\u1ee7a m\u1ed7i b\u00e0i \u0111\u01b0\u1ee3c thi\u1ebft k\u1ebf r\u1ea5t t\u1ed1i \u01b0u \u0111\u1ec3 kh\u00e1n gi\u1ea3 nghe v\u00e0 \u0111\u1ecdc theo v\u00e0i l\u1ea7n l\u00e0 d\u00f9ng \u0111\u01b0\u1ee3c.<\/p>\n<p style=\"text-align: justify;\"><strong>N\u1ed9i dung s\u00e1ch \u0111\u01b0\u1ee3c chia l\u00e0m 5 ph\u1ea7n ch\u00ednh:<\/strong><\/p>\n<p style=\"text-align: justify;\"><strong>PH\u1ea6N 1: PH\u00c1T \u00c2M C\u01a0 B\u1ea2N: <\/strong>bao g\u1ed3m 30 \u0111\u01a1n v\u1ecb b\u00e0i h\u1ecdc nh\u1ecf h\u01b0\u1edbng d\u1eabn ph\u00e1t \u00e2m l\u1ea1i t\u1ea5t c\u1ea3 c\u00e1c \u00e2m trong b\u1ea3ng ch\u1eef c\u00e1i, c\u00e1ch \u0111\u1ecdc c\u00e1c \u0111u\u00f4i quen thu\u1ed9c, \u00e2m c\u00e2m, ..c\u00f9ng c\u00e1c nguy\u00ean t\u1eafc \u0111\u1ec3 c\u1ea3i thi\u1ec7n ph\u00e1t \u00e2m.<\/p>\n<p><img loading=\"lazy\" decoding=\"async\" style=\"display: block; margin-left: auto; margin-right: auto;\" title=\"V\u1eeba L\u01b0\u1eddi V\u1eeba B\u1eadn V\u1eabn Gi\u1ecfi Ti\u1ebfng Anh\" src=\"https:\/\/tikicdn.com\/media\/catalog\/product\/v\/d\/vd3.u547.d20161018.t150759.732971.jpg\" alt=\"V\u1eeba L\u01b0\u1eddi V\u1eeba B\u1eadn V\u1eabn Gi\u1ecfi Ti\u1ebfng Anh\" width=\"500\" height=\"591\" \/><\/p>\n<p style=\"text-align: center;\"><em>H\u00ecnh \u1ea3nh 2: Tr\u00edch d\u1eabn n\u1ed9i dung Ph\u1ea7n I \u2013 Ph\u00e1t \u00e2m c\u01a1 b\u1ea3n <\/em><\/p>\n<p style=\"text-align: justify;\"><strong>PH\u1ea6N 2: NH\u1eeeNG KH\u00c1I NI\u1ec6M<\/strong> <strong>C\u0102N B\u1ea2N CHO NG\u01af\u1edcI M\u1edaI<\/strong> <strong>H\u1eccC TI\u1ebeNG ANH <\/strong>s\u1ebd h\u1ec7 th\u1ed1ng l\u1ea1i cho c\u00e1c b\u1ea1n nh\u1eefng ki\u1ebfn th\u1ee9c c\u01a1 b\u1ea3n c\u1ee7a ti\u1ebfng anh m\u1ed9t c\u00e1ch \u0111\u1ea7y \u0111\u1ee7 v\u00e0 to\u00e0n di\u1ec7n nh\u1ea5t<\/p>\n<p style=\"text-align: justify;\"><strong>PH\u1ea6N 3: GIAO TI\u1ebeP TRONG C\u00c1C<\/strong> <strong>T\u00ccNH HU\u1ed0NG H\u00c0NG NG\u00c0Y<\/strong><\/p>\n<p style=\"text-align: justify;\"><strong>PH\u1ea6N 4: GIAO TI\u1ebeP TRONG<\/strong> <strong>C\u00d4NG VI\u1ec6C <\/strong><\/p>\n<p style=\"text-align: justify;\"><strong>PH\u1ea6N 5: C\u1ee4M \u0110\u1ed8NG T\u1eea<\/strong> <strong>V\u00c0 C\u00c1C TH\u00c0NH NG\u1eee<\/strong><\/p>\n<p style=\"text-align: justify;\">T\u00e0i li\u1ec7u luy\u1ec7n nghe c\u1ee7a n\u01b0\u1edbc ngo\u00e0i th\u00ec r\u1ea5t nhi\u1ec1u nh\u01b0ng \u0111a ph\u1ea7n l\u00e0 kh\u00e1 kh\u00f3 ho\u1eb7c nghe r\u1ea5t ch\u00e1n. \u0110\u1ec3 c\u00f3 \u0111\u01b0\u1ee3c b\u1ed9 s\u1ea3n ph\u1ea9m n\u00e0y c\u00e1c t\u00e1c gi\u1ea3 \u0111\u00e3 ph\u1ea3i tham kh\u1ea3o h\u00e0ng tr\u0103m m\u1eabu b\u00e0i nghe kh\u1eafp n\u01a1i tr\u00ean Internet \u0111\u1ec3 ra \u0111\u01b0\u1ee3c c\u1ea5u tr\u00fac ph\u00f9 h\u1ee3p cho c\u00e1c b\u00e0i h\u1ecdc n\u00e0y, \u0111\u1ed3ng th\u1eddi \u00a0m\u1ea5t h\u01a1n 1 n\u0103m \u0111\u1ec3 ho\u00e0n th\u00e0nh v\u1edbi c\u1ea3 ng\u00e0n gi\u1edd vi\u1ebft n\u1ed9i dung c\u1ee7a \u0111\u1ed9i ng\u0169 t\u00e1c gi\u1ea3, tr\u1ea3i qua bi\u1ebft bao nhi\u00eau b\u00e0i thu h\u1ecfng v\u00e0 thay \u0111\u1ed5i khu\u00f4n m\u1eabu ch\u01b0\u01a1ng tr\u00ecnh. C\u00e1c b\u1ea1n s\u1ebd \u0111\u01b0\u1ee3c h\u1ecdc v\u00e0 luy\u1ec7n t\u1eadp qua c\u00e1c t\u00ecnh hu\u1ed1ng th\u1ef1c t\u1ebf v\u1edbi 150 b\u00e0i luy\u1ec7n nghe hay v\u00e0 ch\u1ecdn l\u1ecdc nh\u1ea5t. Nh\u1edd \u0111\u00f3, nh\u1edd vi\u1ec7c luy\u1ec7n nghe s\u00e2u c\u00e1c b\u1ea1n c\u00f3 th\u1ec3 giao ti\u1ebfp th\u00e0nh th\u1ea1o sau 4 th\u00e1ng m\u00e0 kh\u00f4ng c\u1ea7n ng\u1ed3i v\u00e0o b\u00e0n h\u1ecdc.<\/p>\n<p style=\"text-align: justify;\">\u0110\u1eb7c bi\u1ec7t, l\u1ea7n \u0111\u1ea7u ti\u00ean c\u00e1c b\u1ea1n h\u1ecdc s\u1ebd \u0111\u01b0\u1ee3c tr\u1ea3i nghi\u1ec7m \u1ee9ng d\u1ee5ng h\u1ecdc nghe m\u1edbi m\u1ebb, ti\u1ec7n d\u1ee5ng gi\u00fap b\u1ea1n c\u00f3 th\u1ec3 h\u1ecdc ti\u1ebfng anh \u1edf m\u1ecdi l\u00fac m\u1ecdi n\u01a1i.<\/p>\n<p><img loading=\"lazy\" decoding=\"async\" style=\"display: block; margin-left: auto; margin-right: auto;\" title=\"V\u1eeba L\u01b0\u1eddi V\u1eeba B\u1eadn V\u1eabn Gi\u1ecfi Ti\u1ebfng Anh\" src=\"data:image\/gif;base64,R0lGODlhAQABAIAAAP\/\/\/wAAACH5BAEAAAAALAAAAAABAAEAAAICRAEAOw==\" alt=\"V\u1eeba L\u01b0\u1eddi V\u1eeba B\u1eadn V\u1eabn Gi\u1ecfi Ti\u1ebfng Anh\" width=\"600\" height=\"159\" data-src=\"https:\/\/tikicdn.com\/media\/catalog\/product\/v\/d\/vd2.u547.d20161018.t150759.659157.jpg\" \/><\/p>\n<p style=\"text-align: center;\"><em>H\u00ecnh \u1ea3nh 3: H\u01b0\u1edbng d\u1eabn Download Audio tr\u00ean app MCBooks<\/em><\/p>\n<p style=\"text-align: justify;\">Ti\u1ebfng Anh kh\u00f4ng kh\u00f3, ch\u1ec9 c\u1ea7n ki\u00ean tr\u00ec v\u00e0 h\u1ecdc chuy\u00ean t\u00e2m l\u00e0 b\u1ea1n s\u1ebd th\u00e0nh c\u00f4ng!<\/p>\n<\/div>\n<\/div>\n<\/div>\n<\/div>\n<\/div>\n","protected":false},"excerpt":{"rendered":"<div id=\"manhphuc-gioi-thieu\" class=\"content-shot-description\">\n<ul>\n<li>C\u00f4ng th\u1ee9c l\u00e0nh t\u00ednh: Trung t\u00ednh, kh\u00f4ng ch\u1ee9a ph\u1ed1t pho, kh\u00f4ng \u0103n da tay, an to\u00e0n cho m\u00f4i tr\u01b0\u1eddng.<\/li>\n<li>Ph\u00e2n h\u1ee7y sinh h\u1ecdc cao: V\u1eeba r\u1eeda s\u1ea1ch c\u00e1c v\u1ebft b\u1ea9n, v\u1eeba lo\u1ea1i b\u1ecf d\u01b0 l\u01b0\u1ee3ng thu\u1ed1c tr\u1eeb s\u00e2u b\u00e1m tr\u00ean rau c\u1ee7 qu\u1ea3. C\u00f3 \u0111\u1ed9 ph\u00e2n h\u1ee7y sinh h\u1ecdc cao, an to\u00e0n cho m\u00f4i tr\u01b0\u1eddng.<\/li>\n<li>H\u01b0\u1edbng d\u1eabn s\u1eed d\u1ee5ng: Cho 2.5ml v\u00e0o 1 l\u00edt n\u01b0\u1edbc. Ng\u00e2m rau trong v\u00f2ng 2-5 ph\u00fat sau \u0111\u00f3 r\u1eeda l\u1ea1i v\u1edbi n\u01b0\u1edbc s\u1ea1ch trong 30 gi\u00e2y.<\/li>\n<\/ul>\n<\/div>\n","protected":false},"featured_media":460,"template":"","meta":{"_acf_changed":false},"product_cat":[120],"product_tag":[],"class_list":{"0":"post-459","1":"product","2":"type-product","3":"status-publish","4":"has-post-thumbnail","6":"product_cat-uncategorized","8":"first","9":"instock","10":"sale","11":"taxable","12":"shipping-taxable","13":"purchasable","14":"product-type-simple"},"acf":[],"_links":{"self":[{"href":"https:\/\/zsoftware.vn\/index.php?rest_route=\/wp\/v2\/product\/459"}],"collection":[{"href":"https:\/\/zsoftware.vn\/index.php?rest_route=\/wp\/v2\/product"}],"about":[{"href":"https:\/\/zsoftware.vn\/index.php?rest_route=\/wp\/v2\/types\/product"}],"wp:featuredmedia":[{"embeddable":true,"href":"https:\/\/zsoftware.vn\/index.php?rest_route=\/wp\/v2\/media\/460"}],"wp:attachment":[{"href":"https:\/\/zsoftware.vn\/index.php?rest_route=%2Fwp%2Fv2%2Fmedia&parent=459"}],"wp:term":[{"taxonomy":"product_cat","embeddable":true,"href":"https:\/\/zsoftware.vn\/index.php?rest_route=%2Fwp%2Fv2%2Fproduct_cat&post=459"},{"taxonomy":"product_tag","embeddable":true,"href":"https:\/\/zsoftware.vn\/index.php?rest_route=%2Fwp%2Fv2%2Fproduct_tag&post=459"}],"curies":[{"name":"wp","href":"https:\/\/api.w.org\/{rel}","templated":true}]}}