{"id":553,"date":"2018-01-01T12:48:16","date_gmt":"2018-01-01T12:48:16","guid":{"rendered":"http:\/\/localhost:8085\/tiki\/?post_type=product&#038;p=553"},"modified":"2018-01-01T12:48:16","modified_gmt":"2018-01-01T12:48:16","slug":"dien-thoai-oppo-f1s-32gb-3gb-hang-chinh-hang","status":"publish","type":"product","link":"https:\/\/zsoftware.vn\/?product=dien-thoai-oppo-f1s-32gb-3gb-hang-chinh-hang","title":{"rendered":"\u0110i\u1ec7n Tho\u1ea1i OPPO F1s (32GB\/3GB) &#8211; H\u00e0ng Ch\u00ednh H\u00e3ng"},"content":{"rendered":"<div class=\"left\">\n<h3 class=\"product-table-title\">Th\u00f4ng Tin Chi Ti\u1ebft<\/h3>\n<div class=\"white-panel\">\n<div class=\"attribute-table multi-table\"><\/div>\n<table id=\"chi-tiet\" cellspacing=\"0\" class=\"table table-bordered table-detail table-striped\">\n<colgroup>\n<col style=\"width: 25%;\">\n<col>\n            <\/colgroup>\n<tbody>\n<tr>\n<td>Th\u01b0\u01a1ng hi\u1ec7u<\/td>\n<td class=\"last\">\n                        <a href=\"http:\/\/tiki.vn\/thuong-hieu\/oppo.html\">OPPO<\/a><\/p>\n<\/td>\n<\/tr>\n<tr>\n<td>Model<\/td>\n<td class=\"last\">\n                        F1s 2016\n                    <\/td>\n<\/tr>\n<tr>\n<td>Ph\u1ee5 ki\u1ec7n \u0111i k\u00e8m<\/td>\n<td class=\"last\">\n                        S\u1ea1c, Tai nghe, S\u00e1ch h\u01b0\u1edbng d\u1eabn, C\u00e1p, C\u00e2y l\u1ea5y sim\n                    <\/td>\n<\/tr>\n<tr>\n<td>Lo\u1ea1i \/ C\u00f4ng ngh\u1ec7 m\u00e0n h\u00ecnh<\/td>\n<td class=\"last\">\n                        IPS LCD\n                    <\/td>\n<\/tr>\n<tr>\n<td>K\u00edch th\u01b0\u1edbc m\u00e0n h\u00ecnh<\/td>\n<td class=\"last\">\n                        5.5 inch\n                    <\/td>\n<\/tr>\n<tr>\n<td>\u0110\u1ed9 ph\u00e2n gi\u1ea3i m\u00e0n h\u00ecnh<\/td>\n<td class=\"last\">\n                        720 x 1280 pixels\n                    <\/td>\n<\/tr>\n<tr>\n<td>Hi\u1ec3n th\u1ecb m\u00e0u s\u1eafc<\/td>\n<td class=\"last\">\n                        H\u01a1n 16 tri\u1ec7u m\u00e0u\n                    <\/td>\n<\/tr>\n<tr>\n<td>Camera tr\u01b0\u1edbc<\/td>\n<td class=\"last\">\n                        16 MP\n                    <\/td>\n<\/tr>\n<tr>\n<td>Camera sau<\/td>\n<td class=\"last\">\n                        13 MP\n                    <\/td>\n<\/tr>\n<tr>\n<td>\u0110\u00e8n Flash<\/td>\n<td class=\"last\">\n                        LED Flash\n                    <\/td>\n<\/tr>\n<tr>\n<td>B\u1ed9 Nh\u1edb RAM<\/td>\n<td class=\"last\">\n                        3GB\n                    <\/td>\n<\/tr>\n<tr>\n<td>B\u1ed9 nh\u1edb trong (ROM)<\/td>\n<td class=\"last\">\n                        32 GB\n                    <\/td>\n<\/tr>\n<tr>\n<td>H\u1ed7 tr\u1ee3 th\u1ebb nh\u1edb ngo\u00e0i<\/td>\n<td class=\"last\">\n                        MicroSD\n                    <\/td>\n<\/tr>\n<tr>\n<td>H\u1ed7 tr\u1ee3 th\u1ebb t\u1ed1i \u0111a<\/td>\n<td class=\"last\">\n                        128 GB\n                    <\/td>\n<\/tr>\n<tr>\n<td>Tr\u1ecdng l\u01b0\u1ee3ng<\/td>\n<td class=\"last\">\n                        160g\n                    <\/td>\n<\/tr>\n<tr>\n<td>K\u00edch th\u01b0\u1edbc<\/td>\n<td class=\"last\">\n                        154.5 x 76 x 7.38 mm\n                    <\/td>\n<\/tr>\n<tr>\n<td>T\u00ean chip<\/td>\n<td class=\"last\">\n                        MT6750\n                    <\/td>\n<\/tr>\n<tr>\n<td>T\u1ed1c \u0111\u1ed9 chip (GHz)<\/td>\n<td class=\"last\">\n                        1.5 GHz\n                    <\/td>\n<\/tr>\n<tr>\n<td>Chip \u0111\u1ed3 h\u1ecda (GPU)<\/td>\n<td class=\"last\">\n                        Mali-T860 MP2\n                    <\/td>\n<\/tr>\n<tr>\n<td>H\u1ec7 \u0111i\u1ec1u h\u00e0nh<\/td>\n<td class=\"last\">\n                        Android 5.1 Lollipop\n                    <\/td>\n<\/tr>\n<tr>\n<td>Dung l\u01b0\u1ee3ng pin (mAh)<\/td>\n<td class=\"last\">\n                        3075 mAh\n                    <\/td>\n<\/tr>\n<tr>\n<td>Lo\u1ea1i pin<\/td>\n<td class=\"last\">\n                        &#8211;\n                    <\/td>\n<\/tr>\n<tr>\n<td>Pin c\u00f3 th\u1ec3 th\u00e1o r\u1eddi<\/td>\n<td class=\"last\">\n                        Kh\u00f4ng\n                    <\/td>\n<\/tr>\n<tr>\n<td>B\u0103ng t\u1ea7n 2G<\/td>\n<td class=\"last\">\n                        GSM\n                    <\/td>\n<\/tr>\n<tr>\n<td>B\u0103ng t\u1ea7n 3G<\/td>\n<td class=\"last\">\n                        WCDMA\n                    <\/td>\n<\/tr>\n<tr>\n<td>H\u00f4\u0303 tr\u01a1\u0323 4G<\/td>\n<td class=\"last\">\n                        FDD-LTE\n                    <\/td>\n<\/tr>\n<tr>\n<td>Lo\u1ea1i Sim<\/td>\n<td class=\"last\">\n                        Nano SIM\n                    <\/td>\n<\/tr>\n<tr>\n<td>S\u1ed1 khe sim<\/td>\n<td class=\"last\">\n                        2 SIM 2 s\u00f3ng\n                    <\/td>\n<\/tr>\n<tr>\n<td>Wifi<\/td>\n<td class=\"last\">\n                        802.11a\/b\/g\/n 2.4GHz, 5GHz\n                    <\/td>\n<\/tr>\n<tr>\n<td>GPS<\/td>\n<td class=\"last\">\n                        GPS\/aGPS\n                    <\/td>\n<\/tr>\n<tr>\n<td>Bluetooth<\/td>\n<td class=\"last\">\n                        4\n                    <\/td>\n<\/tr>\n<tr>\n<td>NFC<\/td>\n<td class=\"last\">\n                        Kh\u00f4ng\n                    <\/td>\n<\/tr>\n<tr>\n<td>K\u1ebft n\u1ed1i kh\u00e1c<\/td>\n<td class=\"last\">\n                        OTG\n                    <\/td>\n<\/tr>\n<tr>\n<td>FM radio<\/td>\n<td class=\"last\">\n                        Kh\u00f4ng\n                    <\/td>\n<\/tr>\n<tr>\n<td>SKU<\/td>\n<td class=\"last\">\n                        5806940596086\n                    <\/td>\n<\/tr>\n<\/tbody>\n<\/table><\/div>\n<h3 class=\"product-table-title\">M\u00f4 T\u1ea3 S\u1ea3n Ph\u1ea9m<\/h3>\n<div class=\"white-panel\">\n<div class=\"product-description\">\n<div class=\"product-content-detail\">\n<div id=\"gioi-thieu\" class=\"content js-content expand\" itemprop=\"description\" style=\"max-height: none;\">\n<h5><strong> Thi\u1ebft k\u1ebf sang tr\u1ecdng <\/strong><\/h5>\n<p><strong><a href=\"https:\/\/tiki.vn\/dien-thoai-smartphone\/c1795\/oppo\">\u0110i\u1ec7n Tho\u1ea1i OPPO<\/a> F1s&nbsp;<\/strong>s\u1edf h\u1eefu thi\u1ebft k\u1ebf sang tr\u1ecdng, v\u1ecf ngo\u00e0i b\u1eb1ng kim lo\u1ea1i nguy\u00ean kh\u1ed1i, k\u1ebft h\u1ee3p c\u00f9ng v\u1edbi <a href=\"http:\/\/tiki.vn\/tu-van\/man-hinh-cong-2-5d-la-gi\">m\u00e0n h\u00ecnh cong 2.5D<\/a> v\u00e0 c\u00e1c g\u00f3c c\u1ea1nh bo tr\u00f2n m\u1ec1m m\u1ea1i mang \u0111\u1ebfn s\u1ef1 tinh t\u1ebf, \u0111\u1eb9p m\u1eaft. M\u1eb7t sau c\u1ee7a s\u1ea3n ph\u1ea9m \u0111\u01b0\u1ee3c l\u00e0m t\u1eeb kim lo\u1ea1i \u0111\u01b0\u1ee3c ph\u1ee7 l\u1edbp m\u00e0u \u0111\u1eb9p m\u1eaft, h\u1ea1n ch\u1ebf \u0111\u1ec3 l\u1ea1i d\u1ea5u v\u00e2n tay khi b\u1ea1n s\u1eed d\u1ee5ng v\u00e0 gi\u00fap b\u1ea1n c\u1ea7m n\u1eafm ch\u1eafc ch\u1eafn v\u00e0 tho\u1ea3i m\u00e1i h\u01a1n.<\/p>\n<p style=\"text-align: center;\"><img loading=\"lazy\" decoding=\"async\" title=\"\u0110i\u1ec7n Tho\u1ea1i OPPO F1s 2016 (32GB) - H\u00e0ng Ch\u00ednh H\u00e3ng\" alt=\"\u0110i\u1ec7n Tho\u1ea1i OPPO F1s 2016 (32GB) - H\u00e0ng Ch\u00ednh H\u00e3ng\" width=\"900\" height=\"500\" src=\"https:\/\/tikicdn.com\/media\/catalog\/product\/-\/t\/-thiet-ke-nhom.u2769.d20171023.t184131.149704.jpg\" style=\"display: block;\"><\/p>\n<h5><strong> <a href=\"http:\/\/tiki.vn\/tu-van\/man-hinh-ips-co-nhung-dac-tinh-gi\">M\u00e0n h\u00ecnh IPS<\/a> 5.5 inches <\/strong><\/h5>\n<p>\u0110i\u00ean tho\u1ea1i \u0111\u01b0\u1ee3c trang b\u1ecb m\u00e0n IPS LCD 5.5 inches v\u1edbi \u0111\u1ed9 ph\u00e2n gi\u1ea3i HD (720 x 1280 pixels) cho h\u00ecnh \u1ea3nh hi\u1ec3n th\u1ecb s\u1eafc n\u00e9t v\u00e0 r\u1ef1c r\u1ee1. C\u00f4ng ngh\u1ec7 t\u1ea5m n\u1ec1n IPS mang \u0111\u1ebfn g\u00f3c nh\u00ecn r\u1ed9ng \u0111\u1ec3 b\u1ea1n c\u00f3 th\u1ec3 tho\u1ea3i m\u00e1i xem phim, xem h\u00ecnh \u1ea3nh c\u00f9ng b\u1ea1n b\u00e8.<\/p>\n<p style=\"text-align: justify;\">Ngo\u00e0i ra, m\u00e0n h\u00ecnh c\u00f2n \u0111\u01b0\u1ee3c t\u00edch h\u1ee3p k\u00ednh c\u01b0\u1eddng l\u1ef1c <a href=\"http:\/\/tiki.vn\/tu-van\/kinh-cuong-luc-gorilla-glass-la-gi\">Gorilla Glass<\/a> 4 \u0111\u1ec3 b\u1ea3o v\u1ec7, h\u1ea1n ch\u1ebf vi\u1ec7c n\u1ee9t, v\u1ee1 khi ch\u1ea5n \u0111\u1ed9ng trong qu\u00e1 tr\u00ecnh s\u1eed d\u1ee5ng.<\/p>\n<p style=\"text-align: center;\"><img loading=\"lazy\" decoding=\"async\" title=\"\u0110i\u1ec7n Tho\u1ea1i OPPO F1s 2016 (32GB) - H\u00e0ng Ch\u00ednh H\u00e3ng\" alt=\"\u0110i\u1ec7n Tho\u1ea1i OPPO F1s 2016 (32GB) - H\u00e0ng Ch\u00ednh H\u00e3ng\" width=\"900\" height=\"500\" data-src=\"https:\/\/tikicdn.com\/media\/catalog\/product\/-\/1\/-1-mat-kinh-cong.u2769.d20171023.t184130.745855.jpg\" src=\"data:image\/gif;base64,R0lGODlhAQABAIAAAP\/\/\/wAAACH5BAEAAAAALAAAAAABAAEAAAICRAEAOw==\"><\/p>\n<h5><strong>C\u1ea5u h\u00ecnh m\u1ea1nh m\u1ebd<\/strong><\/h5>\n<p>OPPO F1s \u0111\u01b0\u1ee3c ho\u1ea1t \u0111\u1ed9ng d\u1ef1a tr\u00ean n\u1ec1n t\u1ea3ng Andoid 5.1, k\u1ebft h\u1ee3p c\u00f9ng RAM 3GB v\u00e0 b\u1ed9 vi x\u1eed l\u00fd <a href=\"http:\/\/tiki.vn\/tu-van\/cac-hang-san-xuat-vi-xu-ly-cho-android\">Mediatek<\/a> MT6750 gi\u00fap m\u00e1y ho\u1ea1t \u0111\u1ed9ng tr\u01a1n tru, ch\u1ea1y \u0111a nhi\u1ec7m m\u01b0\u1ee3t m\u00e0, gi\u1ea3m thi\u1ec3u t\u1ed1i \u0111a \u0111\u1ed9 tr\u1ec5 khi chuy\u1ec3n \u0111\u1ed5i \u1ee9ng d\u1ee5ng. B\u1ed9 nh\u1edb trong 32GB v\u00e0 h\u1ed7 tr\u1ee3 khe c\u1eafm th\u1ebb nh\u1edb v\u1edbi dung l\u01b0\u1ee3ng t\u1ed1i \u0111a 128 GB s\u1ebd mang \u0111\u1ebfn kh\u00f4ng gian r\u1ed9ng l\u1edbn \u0111\u1ec3 b\u1ea1n tho\u1ea3i m\u00e1i l\u01b0u tr\u1eef d\u1eef li\u1ec7u v\u00e0 \u1ee9ng d\u1ee5ng.<\/p>\n<p style=\"text-align: center;\"><img loading=\"lazy\" decoding=\"async\" title=\"\u0110i\u1ec7n Tho\u1ea1i OPPO F1s 2016 (32GB) - H\u00e0ng Ch\u00ednh H\u00e3ng\" alt=\"\u0110i\u1ec7n Tho\u1ea1i OPPO F1s 2016 (32GB) - H\u00e0ng Ch\u00ednh H\u00e3ng\" width=\"900\" height=\"500\" data-src=\"https:\/\/tikicdn.com\/media\/catalog\/product\/-\/3\/-3-cau-hinh-manh.u2769.d20171023.t184131.39481.jpg\" src=\"data:image\/gif;base64,R0lGODlhAQABAIAAAP\/\/\/wAAACH5BAEAAAAALAAAAAABAAEAAAICRAEAOw==\"><\/p>\n<h5><strong><a href=\"https:\/\/tiki.vn\/camera-quan-sat\/c4077\">Camera<\/a> tr\u01b0\u1edbc 16MP v\u00e0 camera sau 13MP<\/strong><\/h5>\n<p>N\u1eafm b\u1eaft r\u00f5 nhu c\u1ea7u selfie v\u00e0 th\u1ef1c hi\u1ec7n video call ng\u00e0y c\u00e0ng cao c\u1ee7a ng\u01b0\u1eddi d\u00f9ng, thi\u1ebft b\u1ecb \u0111\u01b0\u1ee3c s\u1edf h\u1eefu camera tr\u01b0\u1edbc v\u1edbi \u0111\u1ed9 ph\u00e2n gi\u1ea3i l\u00e0 16MP, cao h\u01a1n camera ch\u00ednh \u1edf sau m\u00e1y (13MP). Camera v\u1edbi c\u00e1c ch\u1ee9c n\u0103ng t\u00e1i t\u1ea1o v\u1ebb \u0111\u1eb9p t\u1ef1 nhi\u00ean, b\u1ed9 l\u1ecdc m\u00e0u phong ph\u00fa, l\u1ea5y n\u00e9t t\u1ef1 \u0111\u1ed9ng s\u1ebd gi\u00fap b\u1ea1n l\u01b0u gi\u1eef nh\u1eefng kho\u1ea3nh kh\u1eafc c\u00f9ng ng\u01b0\u1eddi th\u00e2n v\u00e0 b\u1ea1n b\u00e8 m\u1ed9t c\u00e1ch t\u1ef1 nhi\u00ean v\u00e0 nhanh ch\u00f3ng nh\u1ea5t. Ngo\u00e0i ra, khi b\u1ea1n ch\u1ee5p \u1ea3nh, m\u00e0n h\u00ecnh c\u1ee7a <a href=\"https:\/\/tiki.vn\/dien-thoai-smartphone\/c1795\">\u0111i\u1ec7n tho\u1ea1i<\/a> s\u1ebd ph\u00e1t ra flash gi\u00fap khu\u00f4n m\u1eb7t s\u00e1ng h\u01a1n \u0111\u1ec3 h\u1ed7 tr\u1ee3 b\u1ea1n ch\u1ee5p \u1ea3nh ngay c\u1ea3 trong m\u00f4i tr\u01b0\u1eddng thi\u1ebfu s\u00e1ng.<\/p>\n<p style=\"text-align: center;\"><img loading=\"lazy\" decoding=\"async\" title=\"\u0110i\u1ec7n Tho\u1ea1i OPPO F1s 2016 (32GB) - H\u00e0ng Ch\u00ednh H\u00e3ng\" alt=\"\u0110i\u1ec7n Tho\u1ea1i OPPO F1s 2016 (32GB) - H\u00e0ng Ch\u00ednh H\u00e3ng\" width=\"900\" height=\"500\" data-src=\"https:\/\/tikicdn.com\/media\/catalog\/product\/-\/4\/-4-camera-truoc.u2769.d20171023.t184131.80445.jpg\" src=\"data:image\/gif;base64,R0lGODlhAQABAIAAAP\/\/\/wAAACH5BAEAAAAALAAAAAABAAEAAAICRAEAOw==\"><\/p>\n<p style=\"text-align: center;\"><img loading=\"lazy\" decoding=\"async\" title=\"\u0110i\u1ec7n Tho\u1ea1i OPPO F1s 2016 (32GB) - H\u00e0ng Ch\u00ednh H\u00e3ng\" alt=\"\u0110i\u1ec7n Tho\u1ea1i OPPO F1s 2016 (32GB) - H\u00e0ng Ch\u00ednh H\u00e3ng\" width=\"900\" height=\"500\" data-src=\"https:\/\/tikicdn.com\/media\/catalog\/product\/v\/i\/vi-vn-6-flash-man-hinh.u2769.d20171023.t184131.187779.jpg\" src=\"data:image\/gif;base64,R0lGODlhAQABAIAAAP\/\/\/wAAACH5BAEAAAAALAAAAAABAAEAAAICRAEAOw==\"><\/p>\n<p>\u0110i\u1ec7n tho\u1ea1i c\u00f2n \u0111\u01b0\u1ee3c c\u1eadp nh\u1eadt c\u00e1c c\u00f4ng ngh\u1ec7 nh\u01b0 v\u1eaby tay ch\u1ee5p \u1ea3nh, panorama ,&#8230; \u0111\u1ec3 b\u1ea1n th\u1ecfa s\u1ee9c tr\u1ea3i nghi\u1ec7m ch\u1ee5p \u1ea3nh chuy\u00ean nghi\u1ec7p.<\/p>\n<p style=\"text-align: center;\"><img loading=\"lazy\" decoding=\"async\" title=\"\u0110i\u1ec7n Tho\u1ea1i OPPO F1s 2016 (32GB) - H\u00e0ng Ch\u00ednh H\u00e3ng\" alt=\"\u0110i\u1ec7n Tho\u1ea1i OPPO F1s 2016 (32GB) - H\u00e0ng Ch\u00ednh H\u00e3ng\" width=\"900\" height=\"500\" data-src=\"https:\/\/tikicdn.com\/media\/catalog\/product\/-\/5\/-5-vay-tay-bat-anh.u2769.d20171023.t184131.115767.jpg\" src=\"data:image\/gif;base64,R0lGODlhAQABAIAAAP\/\/\/wAAACH5BAEAAAAALAAAAAABAAEAAAICRAEAOw==\"><\/p>\n<h5><strong>Kh\u00f3a v\u00e2n tay si\u00eau nh\u1ea1y<\/strong><\/h5>\n<p>Ngo\u00e0i nh\u1eefng ph\u01b0\u01a1ng th\u1ee9c kh\u00f3a \u0111i\u1ec7n tho\u1ea1i th\u00f4ng th\u01b0\u1eddng nh\u01b0 v\u1ebd m\u1eabu h\u00ecnh, m\u1eadt kh\u1ea9u, m\u00e3 PIN, Oppo c\u00f2n trang b\u1ecb kh\u1ea3 n\u0103ng m\u1edf kh\u00f3a b\u1eb1ng v\u00e2n tay, gi\u00fap \u0111\u1ea3m b\u1ea3o an to\u00e0n v\u00e0 b\u1ea3o m\u1eadt cho th\u00f4ng tin, d\u1eef li\u1ec7u trong \u0111i\u1ec7n tho\u1ea1i. Ngo\u00e0i ra, b\u1ea1n c\u00f3 th\u1ec3 \u0111\u1eb7t m\u00e3 kh\u00f3a v\u00e2n tay kh\u00e1c nhau cho t\u1eebng \u1ee9ng d\u1ee5ng ri\u00eang bi\u1ec7t.<\/p>\n<p style=\"text-align: center;\"><img loading=\"lazy\" decoding=\"async\" title=\"\u0110i\u1ec7n Tho\u1ea1i OPPO F1s 2016 (32GB) - H\u00e0ng Ch\u00ednh H\u00e3ng\" alt=\"\u0110i\u1ec7n Tho\u1ea1i OPPO F1s 2016 (32GB) - H\u00e0ng Ch\u00ednh H\u00e3ng\" width=\"900\" height=\"500\" data-src=\"https:\/\/tikicdn.com\/media\/catalog\/product\/v\/i\/vi-vn-7-van-tay.u2769.d20171023.t184131.226710.jpg\" src=\"data:image\/gif;base64,R0lGODlhAQABAIAAAP\/\/\/wAAACH5BAEAAAAALAAAAAABAAEAAAICRAEAOw==\"><\/p>\n<h5><strong>2 SIM 2 s\u00f3ng<\/strong><\/h5>\n<p>\u0110i\u1ec7n tho\u1ea1i OPPO F1s trang b\u1ecb 2 SIM 2 s\u00f3ng ( Nano SIM) \u0111\u1ec3 b\u1ea1n c\u00f3 th\u1ec3 s\u1eed d\u1ee5ng, qu\u1ea3n l\u00fd c\u00e1c cu\u1ed9c g\u1ecdi, danh b\u1ea1 t\u1eeb 2 s\u1ed1 \u0111i\u1ec7n tho\u1ea1i kh\u00e1c nhau tr\u00ean c\u00f9ng 1 thi\u1ebft b\u1ecb. Ngo\u00e0i ra, khay SIM \u0111\u01b0\u1ee3c thi\u1ebft k\u1ebf k\u1ebft h\u1ee3p c\u00f9ng khay \u0111\u1ef1ng th\u1ebb nh\u1edb ti\u1ec7n l\u1ee3i \u0111\u1ec3 b\u1ea1n s\u1eed d\u1ee5ng.<\/p>\n<h5><strong>Pin v\u1edbi dung l\u01b0\u1ee3ng 3075 mAh<\/strong><\/h5>\n<p>OPPO F1s c\u00f3 pin v\u1edbi dung l\u01b0\u1ee3ng l\u00ean \u0111\u1ebfn 3075 mAh c\u00f3 th\u1ec3 \u0111\u00e1p \u1ee9ng t\u1ed1t nhu c\u1ea7u s\u1eed d\u1ee5ng m\u00e1y trong ng\u00e0y c\u1ee7a b\u1ea1n. Khi t\u1eaft m\u00e0n h\u00ecnh, \u0111i\u1ec7n tho\u1ea1i s\u1ebd t\u1ef1 \u0111i\u1ec1u khi\u1ec3n v\u00e0 t\u1eaft c\u00e1c \u1ee9ng d\u1ee5ng ti\u00eau t\u1ed1n pin b\u1ea5t th\u01b0\u1eddng \u0111\u1ec3 \u0111\u1ea3m b\u1ea3o ngu\u1ed3n n\u0103ng l\u01b0\u1ee3ng.<\/p>\n<\/p><\/div>\n<\/p><\/div>\n<\/p><\/div>\n<\/p><\/div>\n<\/div>\n","protected":false},"excerpt":{"rendered":"<p>Ch\u00ednh h\u00e3ng, nguy\u00ean seal, m\u1edbi 100%<\/p>\n<p>Mi\u1ec5n ph\u00ed giao h\u00e0ng to\u00e0n qu\u1ed1c<\/p>\n<p>Thi\u1ebft k\u1ebf: Nguy\u00ean kh\u1ed1i<\/p>\n<p>M\u00e0n h\u00ecnh: IPS LCD 5.5&#8243; HD (2.5D,Gorilla Glass 4)<\/p>\n<p>Camera Tr\u01b0\u1edbc\/Sau: 16MP \/ 13MP<\/p>\n<p>RAM: 3GB; ROM: 32GB <\/p>\n<p>Dung l\u01b0\u1ee3ng pin: 3.075mAh <\/p>\n<p>S\u1ed1 SIM: 2 SIM<\/p>\n","protected":false},"featured_media":554,"template":"","meta":{"_acf_changed":false},"product_cat":[77],"product_tag":[],"class_list":{"0":"post-553","1":"product","2":"type-product","3":"status-publish","4":"has-post-thumbnail","6":"product_cat-phan-mem-chu-ky-so","8":"first","9":"instock","10":"sale","11":"sold-individually","12":"taxable","13":"shipping-taxable","14":"purchasable","15":"product-type-simple"},"acf":[],"_links":{"self":[{"href":"https:\/\/zsoftware.vn\/index.php?rest_route=\/wp\/v2\/product\/553"}],"collection":[{"href":"https:\/\/zsoftware.vn\/index.php?rest_route=\/wp\/v2\/product"}],"about":[{"href":"https:\/\/zsoftware.vn\/index.php?rest_route=\/wp\/v2\/types\/product"}],"wp:featuredmedia":[{"embeddable":true,"href":"https:\/\/zsoftware.vn\/index.php?rest_route=\/wp\/v2\/media\/554"}],"wp:attachment":[{"href":"https:\/\/zsoftware.vn\/index.php?rest_route=%2Fwp%2Fv2%2Fmedia&parent=553"}],"wp:term":[{"taxonomy":"product_cat","embeddable":true,"href":"https:\/\/zsoftware.vn\/index.php?rest_route=%2Fwp%2Fv2%2Fproduct_cat&post=553"},{"taxonomy":"product_tag","embeddable":true,"href":"https:\/\/zsoftware.vn\/index.php?rest_route=%2Fwp%2Fv2%2Fproduct_tag&post=553"}],"curies":[{"name":"wp","href":"https:\/\/api.w.org\/{rel}","templated":true}]}}