{"id":559,"date":"2018-01-01T12:53:57","date_gmt":"2018-01-01T12:53:57","guid":{"rendered":"http:\/\/localhost:8085\/tiki\/?post_type=product&#038;p=559"},"modified":"2019-08-21T19:32:18","modified_gmt":"2019-08-21T12:32:18","slug":"dien-thoai-oppo-a37-den-hang-chinh-hang","status":"publish","type":"product","link":"https:\/\/zsoftware.vn\/?product=dien-thoai-oppo-a37-den-hang-chinh-hang","title":{"rendered":"\u0110i\u1ec7n Tho\u1ea1i OPPO A37 (\u0110en) &#8211; H\u00e0ng Ch\u00ednh H\u00e3ng"},"content":{"rendered":"<div class=\"left\">\n<h3 class=\"product-table-title\">Th\u00f4ng Tin Chi Ti\u1ebft<\/h3>\n<div class=\"white-panel\">\n<div class=\"attribute-table multi-table\"><\/div>\n<table id=\"chi-tiet\" cellspacing=\"0\" class=\"table table-bordered table-detail table-striped\">\n<colgroup>\n<col style=\"width: 25%;\">\n<col>\n            <\/colgroup>\n<tbody>\n<tr>\n<td>Th\u01b0\u01a1ng hi\u1ec7u<\/td>\n<td class=\"last\">\n                        <a href=\"http:\/\/tiki.vn\/thuong-hieu\/oppo.html\">OPPO<\/a><\/p>\n<\/td>\n<\/tr>\n<tr>\n<td>Model<\/td>\n<td class=\"last\">\n                        A37\n                    <\/td>\n<\/tr>\n<tr>\n<td>Ph\u1ee5 ki\u1ec7n \u0111i k\u00e8m<\/td>\n<td class=\"last\">\n                        C\u00e1p Micro USB, S\u1ea1c, Tai nghe, Que l\u1ea5y SIM, S\u00e1ch h\u01b0\u1edbng d\u1eabn, \u1ed0p l\u01b0ng\n                    <\/td>\n<\/tr>\n<tr>\n<td>M\u00e0u<\/td>\n<td class=\"last\">\n                        \u0110en<br \/>\n                        <meta itemprop=\"color\" content=\"\">\n                    <\/td>\n<\/tr>\n<tr>\n<td>Lo\u1ea1i \/ C\u00f4ng ngh\u1ec7 m\u00e0n h\u00ecnh<\/td>\n<td class=\"last\">\n                        IPS LCD\n                    <\/td>\n<\/tr>\n<tr>\n<td>K\u00edch th\u01b0\u1edbc m\u00e0n h\u00ecnh<\/td>\n<td class=\"last\">\n                        5 inch\n                    <\/td>\n<\/tr>\n<tr>\n<td>\u0110\u1ed9 ph\u00e2n gi\u1ea3i m\u00e0n h\u00ecnh<\/td>\n<td class=\"last\">\n                        720 x 1080 pixels\n                    <\/td>\n<\/tr>\n<tr>\n<td>Hi\u1ec3n th\u1ecb m\u00e0u s\u1eafc<\/td>\n<td class=\"last\">\n                        H\u01a1n 16 tri\u1ec7u m\u00e0u\n                    <\/td>\n<\/tr>\n<tr>\n<td>Camera tr\u01b0\u1edbc<\/td>\n<td class=\"last\">\n                        5 MP\n                    <\/td>\n<\/tr>\n<tr>\n<td>Camera sau<\/td>\n<td class=\"last\">\n                        8 MP\n                    <\/td>\n<\/tr>\n<tr>\n<td>T\u00ednh n\u0103ng camera<\/td>\n<td class=\"last\">\n                        T\u1ef1 \u0111\u1ed9ng l\u1ea5y n\u00e9t, Ch\u1ea1m l\u1ea5y n\u00e9t, HDR\n                    <\/td>\n<\/tr>\n<tr>\n<td>\u0110\u00e8n Flash<\/td>\n<td class=\"last\">\n                        LED Flash\n                    <\/td>\n<\/tr>\n<tr>\n<td>Videocall<\/td>\n<td class=\"last\">\n                        H\u1ed7 tr\u1ee3 VideoCall th\u00f4ng qua \u1ee9ng d\u1ee5ng\n                    <\/td>\n<\/tr>\n<tr>\n<td>B\u1ed9 Nh\u1edb RAM<\/td>\n<td class=\"last\">\n                        2GB\n                    <\/td>\n<\/tr>\n<tr>\n<td>B\u1ed9 nh\u1edb trong (ROM)<\/td>\n<td class=\"last\">\n                        16GB\n                    <\/td>\n<\/tr>\n<tr>\n<td>B\u1ed9 nh\u1edb c\u00f2n l\u1ea1i (kh\u1ea3 d\u1ee5ng)<\/td>\n<td class=\"last\">\n                        9.12 GB\n                    <\/td>\n<\/tr>\n<tr>\n<td>H\u1ed7 tr\u1ee3 th\u1ebb nh\u1edb ngo\u00e0i<\/td>\n<td class=\"last\">\n                        C\u00f3\n                    <\/td>\n<\/tr>\n<tr>\n<td>H\u1ed7 tr\u1ee3 th\u1ebb t\u1ed1i \u0111a<\/td>\n<td class=\"last\">\n                        128GB\n                    <\/td>\n<\/tr>\n<tr>\n<td>Tr\u1ecdng l\u01b0\u1ee3ng<\/td>\n<td class=\"last\">\n                        136 g\n                    <\/td>\n<\/tr>\n<tr>\n<td>K\u00edch th\u01b0\u1edbc<\/td>\n<td class=\"last\">\n                        (Cao x R\u1ed9ng x D\u00e0y) 143.1 mm x 71 mm x 7.68 mm\n                    <\/td>\n<\/tr>\n<tr>\n<td>T\u00ean chip<\/td>\n<td class=\"last\">\n                        Qualcomm Snapdragon 410 4 nh\u00e2n 64-bit\n                    <\/td>\n<\/tr>\n<tr>\n<td>Chip \u0111\u1ed3 h\u1ecda (GPU)<\/td>\n<td class=\"last\">\n                        Adreno 306\n                    <\/td>\n<\/tr>\n<tr>\n<td>H\u1ec7 \u0111i\u1ec1u h\u00e0nh<\/td>\n<td class=\"last\">\n                        Android 5.1\n                    <\/td>\n<\/tr>\n<tr>\n<td>Dung l\u01b0\u1ee3ng pin (mAh)<\/td>\n<td class=\"last\">\n                        2630 mAh\n                    <\/td>\n<\/tr>\n<tr>\n<td>Lo\u1ea1i pin<\/td>\n<td class=\"last\">\n                        Lithium &#8211; Ion\n                    <\/td>\n<\/tr>\n<tr>\n<td>Lo\u1ea1i Sim<\/td>\n<td class=\"last\">\n                        NanoSIM\n                    <\/td>\n<\/tr>\n<tr>\n<td>S\u1ed1 khe sim<\/td>\n<td class=\"last\">\n                        2\n                    <\/td>\n<\/tr>\n<tr>\n<td>Wifi<\/td>\n<td class=\"last\">\n                        Wi-Fi 802.11 b\/g\/n, Wi-Fi hotspot\n                    <\/td>\n<\/tr>\n<tr>\n<td>GPS<\/td>\n<td class=\"last\">\n                        A-GPS, GLONASS\n                    <\/td>\n<\/tr>\n<tr>\n<td>Bluetooth<\/td>\n<td class=\"last\">\n                        v4.0\n                    <\/td>\n<\/tr>\n<tr>\n<td>K\u1ebft n\u1ed1i kh\u00e1c<\/td>\n<td class=\"last\">\n                        OTG\n                    <\/td>\n<\/tr>\n<tr>\n<td>C\u1ed5ng s\u1ea1c<\/td>\n<td class=\"last\">\n                        Micro USB\n                    <\/td>\n<\/tr>\n<tr>\n<td>Jack tai nghe<\/td>\n<td class=\"last\">\n                        3.5 mm\n                    <\/td>\n<\/tr>\n<tr>\n<td>Xem phim<\/td>\n<td class=\"last\">\n                        H.265, 3GP, MP4, AVI, WMV, H.264(MPEG4-AVC), DivX, WMV9, Xvid\n                    <\/td>\n<\/tr>\n<tr>\n<td>Nghe nh\u1ea1c<\/td>\n<td class=\"last\">\n                        Lossless, Midi, MP3, WAV, WMA, AAC, AAC++\n                    <\/td>\n<\/tr>\n<tr>\n<td>Ghi \u00e2m<\/td>\n<td class=\"last\">\n                        C\u00f3\n                    <\/td>\n<\/tr>\n<tr>\n<td>FM radio<\/td>\n<td class=\"last\">\n                        C\u00f3\n                    <\/td>\n<\/tr>\n<tr>\n<td>SKU<\/td>\n<td class=\"last\">\n                        5801320984637\n                    <\/td>\n<\/tr>\n<\/tbody>\n<\/table><\/div>\n<h3 class=\"product-table-title\">M\u00f4 T\u1ea3 S\u1ea3n Ph\u1ea9m<\/h3>\n<div class=\"white-panel\">\n<div class=\"product-description\">\n<div class=\"product-content-detail\">\n<div id=\"gioi-thieu\" class=\"content js-content expand\" itemprop=\"description\">\n<h5>Thi\u1ebft k\u1ebf b\u1eaft m\u1eaft<\/h5>\n<p>Thi\u1ebft k\u1ebf l\u00e0 \u0111i\u1ec3m c\u1ea3i ti\u1ebfn l\u1edbn tr\u00ean <strong><a href=\"https:\/\/tiki.vn\/dien-thoai-smartphone\/c1795\/oppo\">\u0110i\u1ec7n Tho\u1ea1i OPPO<\/a> A37 &#8211; H\u00e0ng Ch\u00ednh H\u00e3ng <\/strong>l\u00e0&nbsp;v\u1eabn \u0111\u01b0\u1ee3c l\u00e0m t\u1eeb nh\u1ef1a nh\u01b0ng OPPO A37 \u0111\u00e3 ch\u1eafc ch\u1eafn v\u00e0 th\u1eddi trang h\u01a1n c\u00e1c \u0111\u00e0n anh c\u1ee7a m\u00ecnh r\u1ea5t nhi\u1ec1u. M\u00e1y s\u1edf h\u1eefu thi\u1ebft k\u1ebf nh\u1ef1a nguy\u00ean kh\u1ed1i v\u1edbi nhi\u1ec1u \u0111\u01b0\u1eddng n\u00e9t \u0111\u01b0\u1ee3c th\u1eeba h\u01b0\u1edfng t\u1eeb chi\u1ebfc <a href=\"http:\/\/tiki.vn\/oppo-f1-plus-p206667.html\">OPPO F1 Plus<\/a> c\u1ee7a h\u00e3ng, b\u1eaft m\u1eaft v\u00e0 tinh t\u1ebf.Tuy nhi\u00ean v\u1eabn c\u00f2n m\u1ed9t s\u1ed1 \u0111i\u1ec3m tr\u1eeb tr\u00ean thi\u1ebft k\u1ebf c\u1ee7a OPPO A37 nh\u01b0 <a href=\"https:\/\/tiki.vn\/camera-quan-sat\/c4077\">camera<\/a> c\u1ee7a m\u00e1y c\u00f2n l\u1ed3i nh\u1eb9 c\u0169ng nh\u01b0 l\u1edbp s\u01a1n \u1edf m\u1eb7t l\u01b0ng c\u1ee7a m\u00e1y d\u1ec5 b\u1ecb tr\u1ea7y x\u01b0\u1edbc trong qu\u00e1 tr\u00ecnh s\u1eed d\u1ee5ng.<\/p>\n<h5>Camera selfie \u1ea3o di\u1ec7u<\/h5>\n<p>Ti\u1ebfp n\u1ed1i s\u1ef1 th\u00e0nh c\u00f4ng c\u1ee7a c\u00e1c th\u1ebf h\u1ec7 tr\u01b0\u1edbc th\u00ec OPPO A37 c\u0169ng \u0111\u01b0\u1ee3c \u0111\u1ea7u t\u01b0 m\u1ea1nh v\u1ec1 camera selfie v\u1edbi \u0111\u1ed9 ph\u00e2n gi\u1ea3i l\u00ean t\u1edbi 5 MP c\u00f9ng t\u00ednh n\u0103ng l\u00e0m m\u1ecbn da \u0111\u1ed9c quy\u1ec1n \u0111\u01b0\u1ee3c r\u1ea5t nhi\u1ec1u b\u1ea1n tr\u1ebb y\u00eau th\u00edch. Camera ch\u00ednh c\u1ee7a m\u00e1y c\u0169ng c\u00f3 \u0111\u1ed9 ph\u00e2n gi\u1ea3i l\u00ean t\u1edbi 8 MP, c\u00f3 h\u1ed7 tr\u1ee3 ch\u1ec9nh tay, ph\u01a1i s\u00e1ng t\u1ed1i \u0111a 16 gi\u00e2y.<\/p>\n<h5>M\u00e0n h\u00ecnh hi\u1ec3n th\u1ecb \u0111\u1eb9p<\/h5>\n<p>OPPO A37 \u0111\u01b0\u1ee3c trang b\u1ecb m\u00e0n h\u00ecnh 5 inch \u0111\u1ed9 ph\u00e2n gi\u1ea3i HD 720 x 1280 pixels, s\u1eed d\u1ee5ng t\u1ea5m n\u1ec1n IPS LCD cho ch\u1ea5t l\u01b0\u1ee3ng hi\u1ec3n th\u1ecb \u1edf \u0111\u1eb9p. OPPO c\u0169ng trang b\u1ecb cho A37 <a href=\"http:\/\/tiki.vn\/tu-van\/man-hinh-cong-2-5d-la-gi\">m\u00e0n h\u00ecnh cong 2.5D<\/a> th\u1eddi th\u01b0\u1ee3ng \u0111em l\u1ea1i cho ng\u01b0\u1eddi d\u00f9ng tr\u1ea3i nghi\u1ec7m s\u1eed d\u1ee5ng t\u1ed1t h\u01a1n.<\/p>\n<h5>Hi\u1ec7u n\u0103ng cao<\/h5>\n<p>OPPO A37 \u0111\u01b0\u1ee3c trang b\u1ecb b\u1ed9 vi x\u1eed l\u00fd Snapdragon 410 t\u1ed1c \u0111\u1ed9 1.2 GHz, chip \u0111\u1ed3 h\u1ecda Adreno 306, RAM 2 GB b\u1ed9 nh\u1edb trong 16 GB. M\u00e1y \u0111\u01b0\u1ee3c n\u00e2ng c\u1ea5p RAM t\u1eeb 1 GB tr\u00ean c\u00e1c th\u1ebf h\u1ec7 c\u0169 l\u00ean th\u00e0nh 2 GB gi\u00fap A37 ho\u1ea1t \u0111\u1ed9ng m\u01b0\u1ee3t m\u00e0 h\u01a1n.<\/p>\n<\/p><\/div>\n<\/p><\/div>\n<\/p><\/div>\n<\/p><\/div>\n<\/div>\n","protected":false},"excerpt":{"rendered":"<p>Ch\u00ednh h\u00e3ng, Nguy\u00ean seal, M\u1edbi 100%, Ch\u01b0a Active<\/p>\n<p>Mi\u1ec5n ph\u00ed giao h\u00e0ng to\u00e0n qu\u1ed1c<\/p>\n<p>Thi\u1ebft k\u1ebf nguy\u00ean kh\u1ed1i<\/p>\n<p>M\u00e0n h\u00ecnh cong 2.5D<\/p>\n<p>Camera Tr\u01b0\u1edbc: 5 MP<\/p>\n<p>Camera Sau: 8 MP<\/p>\n<p>CPU: Qualcomm Snapdragon 410 4 nh\u00e2n 64-bit<\/p>\n<p>B\u1ed9 Nh\u1edb: 16GB<\/p>\n<p>RAM: 2GB<\/p>\n<p>SIM t\u01b0\u01a1ng th\u00edch: NanoSIM<\/p>\n","protected":false},"featured_media":560,"template":"","meta":{"_acf_changed":false},"product_cat":[77],"product_tag":[],"class_list":{"0":"post-559","1":"product","2":"type-product","3":"status-publish","4":"has-post-thumbnail","6":"product_cat-phan-mem-chu-ky-so","8":"first","9":"onbackorder","10":"sale","11":"taxable","12":"shipping-taxable","13":"purchasable","14":"product-type-simple"},"acf":[],"_links":{"self":[{"href":"https:\/\/zsoftware.vn\/index.php?rest_route=\/wp\/v2\/product\/559"}],"collection":[{"href":"https:\/\/zsoftware.vn\/index.php?rest_route=\/wp\/v2\/product"}],"about":[{"href":"https:\/\/zsoftware.vn\/index.php?rest_route=\/wp\/v2\/types\/product"}],"wp:featuredmedia":[{"embeddable":true,"href":"https:\/\/zsoftware.vn\/index.php?rest_route=\/wp\/v2\/media\/560"}],"wp:attachment":[{"href":"https:\/\/zsoftware.vn\/index.php?rest_route=%2Fwp%2Fv2%2Fmedia&parent=559"}],"wp:term":[{"taxonomy":"product_cat","embeddable":true,"href":"https:\/\/zsoftware.vn\/index.php?rest_route=%2Fwp%2Fv2%2Fproduct_cat&post=559"},{"taxonomy":"product_tag","embeddable":true,"href":"https:\/\/zsoftware.vn\/index.php?rest_route=%2Fwp%2Fv2%2Fproduct_tag&post=559"}],"curies":[{"name":"wp","href":"https:\/\/api.w.org\/{rel}","templated":true}]}}