{"id":629,"date":"2018-01-02T14:16:17","date_gmt":"2018-01-02T14:16:17","guid":{"rendered":"http:\/\/localhost:8085\/tiki\/?post_type=product&#038;p=629"},"modified":"2018-06-08T15:06:29","modified_gmt":"2018-06-08T15:06:29","slug":"smart-tivi-man-hinh-cong-samsung-49-inch-full-hd","status":"publish","type":"product","link":"https:\/\/zsoftware.vn\/?product=smart-tivi-man-hinh-cong-samsung-49-inch-full-hd","title":{"rendered":"Smart Tivi M\u00e0n H\u00ecnh Cong Samsung 49 inch Full HD"},"content":{"rendered":"<div class=\"left\">\n<h3 class=\"product-table-title\">Th\u00f4ng Tin Chi Ti\u1ebft<\/h3>\n<div class=\"white-panel\">\n<div class=\"attribute-table multi-table\"><\/div>\n<table id=\"chi-tiet\" cellspacing=\"0\" class=\"table table-bordered table-detail table-striped\">\n<colgroup>\n<col style=\"width: 25%\">\n<col>\n            <\/colgroup>\n<tbody>\n<tr>\n<td>Lo\u1ea1i Tivi<\/td>\n<td class=\"last\">\n                        Smart Tivi M\u00e0n H\u00ecnh Cong\n                    <\/td>\n<\/tr>\n<tr>\n<td>K\u00edch th\u01b0\u1edbc m\u00e0n h\u00ecnh<\/td>\n<td class=\"last\">\n                        49 inch\n                    <\/td>\n<\/tr>\n<tr>\n<td>\u0110\u1ed9 ph\u00e2n gi\u1ea3i m\u00e0n h\u00ecnh<\/td>\n<td class=\"last\">\n                        1920 x 1080 pixels\n                    <\/td>\n<\/tr>\n<tr>\n<td>T\u1ea7n s\u1ed1 qu\u00e9t (Ch\u1ec9 s\u1ed1 chuy\u1ec3n \u0111\u1ed9ng r\u00f5 n\u00e9t)<\/td>\n<td class=\"last\">\n                        120\n                    <\/td>\n<\/tr>\n<tr>\n<td>Xem 3D<\/td>\n<td class=\"last\">\n                        Kh\u00f4ng\n                    <\/td>\n<\/tr>\n<tr>\n<td>Tivi k\u1ef9 thu\u1eadt s\u1ed1 (DVB-T2)<\/td>\n<td class=\"last\">\n                        DVB-T2 (VN: DVB-T2C)\n                    <\/td>\n<\/tr>\n<tr>\n<td>C\u00f4ng ngh\u1ec7 x\u1eed l\u00fd h\u00ecnh \u1ea3nh<\/td>\n<td class=\"last\">\n                        Ultra Clean View, PurColor, n\u00e2ng c\u1ea5p \u0111\u1ed9 s\u00e2u t\u1ef1 \u0111\u1ed9ng\n                    <\/td>\n<\/tr>\n<tr>\n<td>C\u00f4ng ngh\u1ec7 \u00e2m thanh<\/td>\n<td class=\"last\">\n                        Dolby Digital Plus\n                    <\/td>\n<\/tr>\n<tr>\n<td>T\u1ed5ng c\u00f4ng su\u1ea5t loa<\/td>\n<td class=\"last\">\n                        20W\n                    <\/td>\n<\/tr>\n<tr>\n<td>S\u1ed1 l\u01b0\u1ee3ng loa<\/td>\n<td class=\"last\">\n                        \u0110ang c\u1eadp nh\u1eadt\n                    <\/td>\n<\/tr>\n<tr>\n<td>Wifi<\/td>\n<td class=\"last\">\n                        C\u00f3\n                    <\/td>\n<\/tr>\n<tr>\n<td>C\u1ed5ng internet (LAN)<\/td>\n<td class=\"last\">\n                        C\u00f3\n                    <\/td>\n<\/tr>\n<tr>\n<td>C\u1ed5ng HDMI<\/td>\n<td class=\"last\">\n                        3 c\u1ed5ng\n                    <\/td>\n<\/tr>\n<tr>\n<td>Component video<\/td>\n<td class=\"last\">\n                        C\u00f3\n                    <\/td>\n<\/tr>\n<tr>\n<td>Composite video<\/td>\n<td class=\"last\">\n                        C\u00f3\n                    <\/td>\n<\/tr>\n<tr>\n<td>VGA<\/td>\n<td class=\"last\">\n                        \u0110ang c\u1eadp nh\u1eadt\n                    <\/td>\n<\/tr>\n<tr>\n<td>USB<\/td>\n<td class=\"last\">\n                        2 c\u1ed5ng\n                    <\/td>\n<\/tr>\n<tr>\n<td>Phim<\/td>\n<td class=\"last\">\n                        FLV, MP4, MPEG, WMV, AVI, M4V, MKV, MOV, DivX HD\n                    <\/td>\n<\/tr>\n<tr>\n<td>Ph\u1ee5 \u0111\u1ec1 Phim<\/td>\n<td class=\"last\">\n                        \u0110ang c\u1eadp nh\u1eadt\n                    <\/td>\n<\/tr>\n<tr>\n<td>H\u00ecnh \u1ea3nh<\/td>\n<td class=\"last\">\n                        JPG, JPEG, MPO, PNG\n                    <\/td>\n<\/tr>\n<tr>\n<td>\u00c2m Thanh<\/td>\n<td class=\"last\">\n                        AC3, MKA, WAV, WMA, FLAC, MP3, AAC, M4A\n                    <\/td>\n<\/tr>\n<tr>\n<td>SKU<\/td>\n<td class=\"last\">\n                        8901639196282\n                    <\/td>\n<\/tr>\n<tr>\n<td>Th\u01b0\u01a1ng hi\u1ec7u<\/td>\n<td class=\"last\">\n                        <a href=\"http:\/\/tiki.vn\/thuong-hieu\/samsung.html\">Samsung<\/a><\/p>\n<\/td>\n<\/tr>\n<tr>\n<td>K\u00edch th\u01b0\u1edbc c\u00f3 ch\u00e2n\/\u0111\u1eb7t b\u00e0n <\/td>\n<td class=\"last\">\n                        110.51 x 71.22 x 29.3 cm\n                    <\/td>\n<\/tr>\n<tr>\n<td>K\u00edch th\u01b0\u1edbc kh\u00f4ng ch\u00e2n\/treo t\u01b0\u1eddng<\/td>\n<td class=\"last\">\n                        110.51 x 64.64 x 8.93 cm\n                    <\/td>\n<\/tr>\n<tr>\n<td>N\u01a1i s\u1ea3n xu\u1ea5t<\/td>\n<td class=\"last\">\n                        Vi\u1ec7t Nam\n                    <\/td>\n<\/tr>\n<tr>\n<td>Ph\u1ee5 ki\u1ec7n \u0111i k\u00e8m<\/td>\n<td class=\"last\">\n                        \u0110ang c\u1eadp nh\u1eadt\n                    <\/td>\n<\/tr>\n<\/tbody>\n<\/table><\/div>\n<h3 class=\"product-table-title\">M\u00f4 T\u1ea3 S\u1ea3n Ph\u1ea9m<\/h3>\n<div class=\"white-panel\">\n<div class=\"product-description\">\n<div class=\"product-content-detail\">\n<div id=\"gioi-thieu\" class=\"content js-content expand\" style=\"max-height: none\">\n<h5>M\u00e0n h\u00ecnh cong m\u01b0\u1ee3t m\u00e0 bao tr\u00f9m m\u1ecdi gi\u00e1c quan<\/h5>\n<p><strong><a href=\"http:\/\/tiki.vn\/smart-internet-tivi\/c4239\">Smart Tivi<\/a> M\u00e0n H\u00ecnh Cong Samsung 49 inch Full HD UA49M6300AKXXV <\/strong>mang \u0111\u1ebfn tr\u1ea3i nghi\u1ec7m tinh t\u1ebf, bao tr\u00f9m m\u1ecdi gi\u00e1c quan gi\u00fap ng\u01b0\u1eddi xem c\u1ea3m nh\u1eadn nh\u1eefng h\u00ecnh \u1ea3nh nh\u01b0 th\u1ef1c. M\u00e0n h\u00ecnh cong tr\u00e0n vi\u1ec1n m\u01b0\u1ee3t m\u00e0, ki\u1ec3u d\u00e1ng t\u1ed1i gi\u1ea3n \u1edf ch\u00e2n \u0111\u1ebf to\u00e1t l\u00ean s\u1ef1 sang tr\u1ecdng, \u0111\u1eb3ng c\u1ea5p c\u1ee7a kh\u00f4ng gian n\u1ed9i th\u1ea5t.<\/p>\n<p style=\"text-align: center\"><img loading=\"lazy\" decoding=\"async\" title=\"Smart Tivi M\u00e0n H\u00ecnh Cong Samsung 49 inch Full HD UA49M6300AKXXV \" alt=\"Smart Tivi M\u00e0n H\u00ecnh Cong Samsung 49 inch Full HD UA49M6300AKXXV \" width=\"750\" height=\"438\" src=\"https:\/\/tikicdn.com\/media\/catalog\/product\/v\/n\/vn-feature-immersive-curved-design-61767651.u2769.d20170602.t143107.126494.jpg\"><\/p>\n<p style=\"text-align: center\"><img loading=\"lazy\" decoding=\"async\" title=\"Smart Tivi M\u00e0n H\u00ecnh Cong Samsung 49 inch Full HD UA49M6300AKXXV \" alt=\"Smart Tivi M\u00e0n H\u00ecnh Cong Samsung 49 inch Full HD UA49M6300AKXXV \" width=\"750\" height=\"469\" src=\"https:\/\/tikicdn.com\/media\/catalog\/product\/v\/n\/vn-feature-enriched-viewing-experience-61767631.u2769.d20170602.t143107.94856.jpg\"><\/p>\n<h5>C\u00f4ng ngh\u1ec7 gi\u1ea3m nhi\u1ec5u, gi\u1ea3m nh\u00f2e<\/h5>\n<p>C\u00f4ng ngh\u1ec7 Utra Clean View ph\u00e2n t\u00edch n\u1ed9i dung v\u1edbi m\u1ed9t thu\u1eadt to\u00e1n t\u0103ng c\u01b0\u1eddng, l\u1ecdc nhi\u1ec5u, gi\u1ea3m nh\u00f2e, t\u1ea1o s\u1ef1 \u0111\u1ed9t ph\u00e1 v\u01b0\u1ee3t tr\u1ed9i v\u1ec1 ch\u1ea5t l\u01b0\u1ee3ng h\u00ecnh \u1ea3nh. V\u00ec v\u1eady, ng\u01b0\u1eddi xem s\u1ebd t\u1eadn h\u01b0\u1edfng ch\u1ea5t l\u01b0\u1ee3ng r\u00f5 n\u00e9t trong t\u1eebng khung h\u00ecnh.<\/p>\n<p style=\"text-align: center\"><img loading=\"lazy\" decoding=\"async\" title=\"Smart Tivi M\u00e0n H\u00ecnh Cong Samsung 49 inch Full HD UA49M6300AKXXV \" alt=\"Smart Tivi M\u00e0n H\u00ecnh Cong Samsung 49 inch Full HD UA49M6300AKXXV \" width=\"750\" height=\"438\" src=\"image\/gif;base64,R0lGODlhAQABAIAAAP\/\/\/wAAACH5BAEAAAAALAAAAAABAAEAAAICRAEAOw==\"><\/p>\n<h5>\u0110\u1ed9t ph\u00e1 m\u1edbi v\u1ec1 \u0111\u1ed9 t\u01b0\u01a1ng ph\u1ea3n v\u00e0 m\u00e0u s\u1eafc<\/h5>\n<p><a href=\"https:\/\/tiki.vn\/smart-internet-tivi\/c4239\/samsung\">Smart tivi Samsung<\/a> UA49M6300AKXXV v\u1edbi c\u00f4ng ngh\u1ec7 PurColor cho m\u00e0u s\u1eafc s\u00e1ng r\u1ee1 v\u00e0 s\u1ed1ng \u0111\u1ed9ng, gi\u00fap c\u1ea3i thi\u1ec7n ch\u1ea5t l\u01b0\u1ee3ng h\u00ecnh \u1ea3nh, hi\u1ec3n th\u1ecb r\u00f5 nh\u1eefng chi ti\u1ebft nh\u1ecf nh\u1ea5t c\u00f9ng m\u00e0u s\u1eafc ch\u00e2n th\u1ef1c nh\u01b0 cu\u1ed9c s\u1ed1ng.<\/p>\n<p>M\u1eb7t kh\u00e1c, c\u00f4ng ngh\u1ec7 Micro Dimming Pro tinh ch\u1ec9nh \u0111\u1ed9 t\u01b0\u01a1ng ph\u1ea3n mang \u0111\u1ebfn h\u00ecnh \u1ea3nh r\u00f5 n\u00e9t v\u1edbi s\u1eafc \u0111en s\u00e2u th\u1eb3m c\u00f9ng s\u1eafc tr\u1eafng tinh khi\u1ebft.<\/p>\n<p style=\"text-align: center\"><img loading=\"lazy\" decoding=\"async\" title=\"Smart Tivi M\u00e0n H\u00ecnh Cong Samsung 49 inch Full HD UA49M6300AKXXV \" alt=\"Smart Tivi M\u00e0n H\u00ecnh Cong Samsung 49 inch Full HD UA49M6300AKXXV \" width=\"720\" height=\"630\" src=\"image\/gif;base64,R0lGODlhAQABAIAAAP\/\/\/wAAACH5BAEAAAAALAAAAAABAAEAAAICRAEAOw==\"><\/p>\n<h5>T\u0103ng c\u01b0\u1eddng \u0111\u1ed9 s\u00e2u t\u1ef1 \u0111\u1ed9ng<\/h5>\n<p>Smart <a href=\"https:\/\/tiki.vn\/ti-vi\/c5015\/samsung\">Tivi Samsung<\/a> UA49M6300AKXXV \u1ee9ng d\u1ee5ng c\u00f4ng ngh\u1ec7 t\u0103ng c\u01b0\u1eddng \u0111\u1ed9 s\u00e2u t\u1ef1 \u0111\u1ed9ng \u0111i\u1ec1u ch\u1ec9nh c\u00e1c l\u1edbp t\u01b0\u01a1ng ph\u1ea3n \u1edf c\u00e1c khu v\u1ef1c m\u00e0u s\u1eafc kh\u00e1c nhau, mang \u0111\u1ebfn \u0111\u1ed9 s\u00e2u \u1ea5n t\u01b0\u1ee3ng cho t\u1eebng khung h\u00ecnh. B\u1ea1n s\u1ebd \u0111\u01b0\u1ee3c tr\u1ea3i nghi\u1ec7m h\u00ecnh \u1ea3nh \u0111\u1ec9nh cao, s\u1ed1ng \u0111\u1ed9ng bao tr\u00f9m m\u1ecdi gi\u00e1c quan.<\/p>\n<p style=\"text-align: center\"><img loading=\"lazy\" decoding=\"async\" title=\"Smart Tivi M\u00e0n H\u00ecnh Cong Samsung 49 inch Full HD UA49M6300AKXXV \" alt=\"Smart Tivi M\u00e0n H\u00ecnh Cong Samsung 49 inch Full HD UA49M6300AKXXV \" width=\"720\" height=\"630\" src=\"image\/gif;base64,R0lGODlhAQABAIAAAP\/\/\/wAAACH5BAEAAAAALAAAAAABAAEAAAICRAEAOw==\"><\/p>\n<h5>One Remote<\/h5>\n<p>\u0110i\u1ec1u khi\u1ec3n \u0111\u01b0\u1ee3c t\u1ea5t c\u1ea3 c\u00e1c thi\u1ebft b\u1ecb ch\u1ec9 v\u1edbi 1 remote, chi\u1ebfc remote th\u00f4ng minh c\u1ee7a Smart TV Samsung gi\u00fap b\u1ea1n \u0111i\u1ec1u khi\u1ec3n \u0111\u01b0\u1ee3c t\u1ea5t c\u1ea3 c\u00e1c thi\u1ebft b\u1ecb truy\u1ec1n h\u00ecnh v\u00e0 c\u00e1c thi\u1ebft b\u1ecb k\u1ebft n\u1ed1i kh\u00e1c m\u1ed9t c\u00e1ch nhanh nh\u1ea5t v\u00e0 hi\u1ec7u qu\u1ea3 nh\u1ea5t.<\/p>\n<p style=\"text-align: center\"><img loading=\"lazy\" decoding=\"async\" title=\"Smart Tivi M\u00e0n H\u00ecnh Cong Samsung 49 inch Full HD UA49M6300AKXXV \" alt=\"Smart Tivi M\u00e0n H\u00ecnh Cong Samsung 49 inch Full HD UA49M6300AKXXV \" width=\"750\" height=\"422\" src=\"image\/gif;base64,R0lGODlhAQABAIAAAP\/\/\/wAAACH5BAEAAAAALAAAAAABAAEAAAICRAEAOw==\"><\/p>\n<h5>D\u1ec5 d\u00e0ng k\u1ebft n\u1ed1i v\u00e0 chia s\u1ebb qua Smart Hub<\/h5>\n<p>Smart <a href=\"https:\/\/tiki.vn\/ti-vi\/c5015\">Tivi<\/a> m\u00e0n h\u00ecnh cong Samsung Full HD UA49M6300AKXXV&nbsp;t\u00edch h\u1ee3p 3 c\u1ed5ng HDMI cho ph\u00e9p b\u1ea1n k\u1ebft n\u1ed1i tivi v\u1edbi c\u00e1c thi\u1ebft b\u1ecb kh\u00e1c c\u00f3 c\u1ed5ng HDMI nh\u01b0 m\u00e1y t\u00ednh, loa thanh, \u0111\u1ea7u \u0111\u0129a\u2026; 2 c\u1ed5ng <a href=\"http:\/\/tiki.vn\/usb-luu-tru\/c1828\">USB<\/a> d\u1ec5 d\u00e0ng h\u01a1n cho vi\u1ec7c nghe nh\u1ea1c, chia s\u1ebb h\u00ecnh \u1ea3nh.<\/p>\n<p>\u0110\u1eb7c bi\u1ec7t, \u1ee9ng d\u1ee5ng Smart Hub gi\u00fap k\u1ebft n\u1ed1i th\u00f4ng minh c\u00e1c n\u1ed9i dung gi\u1ea3i tr\u00ed tr\u00ean nhi\u1ec1u thi\u1ebft b\u1ecb kh\u00e1c nhau v\u00e0 duy\u1ec7t n\u1ed9i dung d\u1ec5 d\u00e0ng tr\u01b0\u1edbc khi b\u1eaft \u0111\u1ea7u t\u1eadn h\u01b0\u1edfng. Ngo\u00e0i ra, b\u1ea1n c\u00f3 th\u1ec3 chia s\u1ebb n\u1ed9i dung \u0111i\u1ec1u khi\u1ec3n tivi qua <a href=\"https:\/\/tiki.vn\/dien-thoai-smartphone\/c1795\">\u0111i\u1ec7n tho\u1ea1i<\/a> v\u1edbi \u1ee9ng d\u1ee5ng Smart View, v\u00f4 c\u00f9ng nhanh ch\u00f3ng, ti\u1ec7n l\u1ee3i.<\/p>\n<p style=\"text-align: center\"><img loading=\"lazy\" decoding=\"async\" title=\"Smart Tivi M\u00e0n H\u00ecnh Cong Samsung 49 inch 4K UHD UA49MU6300KXXV\" alt=\"Smart Tivi M\u00e0n H\u00ecnh Cong Samsung 49 inch 4K UHD UA49MU6300KXXV\" width=\"720\" height=\"752\" src=\"image\/gif;base64,R0lGODlhAQABAIAAAP\/\/\/wAAACH5BAEAAAAALAAAAAABAAEAAAICRAEAOw==\"><\/p>\n<h5>T\u1ef1 \u0111\u1ed9ng nh\u1eadn di\u1ec7n<\/h5>\n<p>Smart Tivi Samsung t\u1ef1 \u0111\u1ed9ng t\u00ecm v\u00e0 nh\u1eadn di\u1ec7n c\u00e1c thi\u1ebft b\u1ecb \u0111\u01b0\u1ee3c k\u1ebft n\u1ed1i nhanh ch\u00f3ng. Tivi s\u1ebd t\u1ef1 \u0111\u1ed9ng hi\u1ec3n th\u1ecb t\u00ean thi\u1ebft b\u1ecb v\u00e0 l\u1ef1a ch\u1ecdn \u0111\u1ea7u v\u00e0o ho\u00e0n to\u00e0n d\u1ec5 d\u00e0ng.<\/p>\n<p><em> * C\u00e1c thi\u1ebft b\u1ecb ph\u1ea3i \u0111\u01b0\u1ee3c k\u1ebft n\u1ed1i v\u1edbi One Connect th\u00f4ng qua <a href=\"https:\/\/tiki.vn\/cap-hdmi\/c3804\">c\u00e1p HDMI<\/a>. <\/em><\/p>\n<p style=\"text-align: center\"><em> <img loading=\"lazy\" decoding=\"async\" title=\"Smart Tivi M\u00e0n H\u00ecnh Cong Samsung 49 inch 4K UHD UA49MU6300KXXV\" alt=\"Smart Tivi M\u00e0n H\u00ecnh Cong Samsung 49 inch 4K UHD UA49MU6300KXXV\" width=\"720\" height=\"432\" src=\"image\/gif;base64,R0lGODlhAQABAIAAAP\/\/\/wAAACH5BAEAAAAALAAAAAABAAEAAAICRAEAOw==\"> <br \/> <\/em><\/p>\n<\/p><\/div>\n<\/p><\/div>\n<\/p><\/div>\n<\/p><\/div>\n<\/div>\n","protected":false},"excerpt":{"rendered":"<p>M\u00e0n h\u00ecnh: 49 inch, Full HD (1920 x 1080 pixels)<\/p>\n<p>M\u00e0n h\u00ecnh cong tr\u00e0n vi\u1ec1n cho g\u00f3c nh\u00ecn kh\u00f4ng gi\u1edbi h\u1ea1n<\/p>\n<p>C\u00f4ng ngh\u1ec7 Ultra Clean View gi\u1ea3m nhi\u1ec5u, nh\u00f2e<\/p>\n<p>C\u00f4ng ngh\u1ec7 PurColour cho m\u00e0u s\u1eafc s\u1ed1ng \u0111\u1ed9ng v\u00e0 ch\u00e2n th\u1ef1c<\/p>\n<p>T\u0103ng c\u01b0\u1eddng \u0111\u1ed9 s\u00e2u t\u1ef1 \u0111\u1ed9ng<\/p>\n<p>K\u1ebft n\u1ed1i: 3 c\u1ed5ng HDMI, 2 c\u1ed5ng USB, Internet<\/p>\n<p>Chia s\u1ebb th\u00f4ng minh qua \u0111i\u1ec7n tho\u1ea1i, m\u00e1y t\u00ednh b\u1ea3ng<\/p>\n","protected":false},"featured_media":630,"template":"","meta":{"_acf_changed":false},"product_cat":[120],"product_tag":[],"class_list":{"0":"post-629","1":"product","2":"type-product","3":"status-publish","4":"has-post-thumbnail","6":"product_cat-uncategorized","8":"first","9":"instock","10":"sale","11":"taxable","12":"shipping-taxable","13":"purchasable","14":"product-type-simple"},"acf":[],"_links":{"self":[{"href":"https:\/\/zsoftware.vn\/index.php?rest_route=\/wp\/v2\/product\/629"}],"collection":[{"href":"https:\/\/zsoftware.vn\/index.php?rest_route=\/wp\/v2\/product"}],"about":[{"href":"https:\/\/zsoftware.vn\/index.php?rest_route=\/wp\/v2\/types\/product"}],"wp:featuredmedia":[{"embeddable":true,"href":"https:\/\/zsoftware.vn\/index.php?rest_route=\/wp\/v2\/media\/630"}],"wp:attachment":[{"href":"https:\/\/zsoftware.vn\/index.php?rest_route=%2Fwp%2Fv2%2Fmedia&parent=629"}],"wp:term":[{"taxonomy":"product_cat","embeddable":true,"href":"https:\/\/zsoftware.vn\/index.php?rest_route=%2Fwp%2Fv2%2Fproduct_cat&post=629"},{"taxonomy":"product_tag","embeddable":true,"href":"https:\/\/zsoftware.vn\/index.php?rest_route=%2Fwp%2Fv2%2Fproduct_tag&post=629"}],"curies":[{"name":"wp","href":"https:\/\/api.w.org\/{rel}","templated":true}]}}