{"id":641,"date":"2018-01-02T14:27:17","date_gmt":"2018-01-02T14:27:17","guid":{"rendered":"http:\/\/localhost:8085\/tiki\/?post_type=product&#038;p=641"},"modified":"2019-11-14T00:58:49","modified_gmt":"2019-11-13T17:58:49","slug":"smart-tivi-sony-55-inch-4k-kd-55x7000e","status":"publish","type":"product","link":"https:\/\/zsoftware.vn\/?product=smart-tivi-sony-55-inch-4k-kd-55x7000e","title":{"rendered":"Smart Tivi Sony 55 inch 4K KD-55X7000E"},"content":{"rendered":"<div class=\"left\">\n<h3 class=\"product-table-title\">Th\u00f4ng Tin Chi Ti\u1ebft<\/h3>\n<div class=\"white-panel\">\n<div class=\"attribute-table multi-table\"><\/div>\n<table id=\"chi-tiet\" cellspacing=\"0\" class=\"table table-bordered table-detail table-striped\">\n<colgroup>\n<col style=\"width: 25%\">\n<col>\n            <\/colgroup>\n<tbody>\n<tr>\n<td>Model<\/td>\n<td class=\"last\">\n                        55X7000E\n                    <\/td>\n<\/tr>\n<tr>\n<td>Lo\u1ea1i Tivi<\/td>\n<td class=\"last\">\n                        Smart Tivi\n                    <\/td>\n<\/tr>\n<tr>\n<td>K\u00edch th\u01b0\u1edbc m\u00e0n h\u00ecnh<\/td>\n<td class=\"last\">\n                        55 inch\n                    <\/td>\n<\/tr>\n<tr>\n<td>\u0110\u1ed9 ph\u00e2n gi\u1ea3i m\u00e0n h\u00ecnh<\/td>\n<td class=\"last\">\n                        3840 x 2160 pixels\n                    <\/td>\n<\/tr>\n<tr>\n<td>T\u1ea7n s\u1ed1 qu\u00e9t (Ch\u1ec9 s\u1ed1 chuy\u1ec3n \u0111\u1ed9ng r\u00f5 n\u00e9t)<\/td>\n<td class=\"last\">\n                        Motionflow XR 200 Hz\n                    <\/td>\n<\/tr>\n<tr>\n<td>Xem 3D<\/td>\n<td class=\"last\">\n                        Kh\u00f4ng\n                    <\/td>\n<\/tr>\n<tr>\n<td>Tivi k\u1ef9 thu\u1eadt s\u1ed1 (DVB-T2)<\/td>\n<td class=\"last\">\n                        C\u00f3\n                    <\/td>\n<\/tr>\n<tr>\n<td>C\u00f4ng ngh\u1ec7 x\u1eed l\u00fd h\u00ecnh \u1ea3nh<\/td>\n<td class=\"last\">\n                        4K X-Reality PRO, Dynamic Contrast Enhancer\n                    <\/td>\n<\/tr>\n<tr>\n<td>C\u00f4ng ngh\u1ec7 \u00e2m thanh<\/td>\n<td class=\"last\">\n                        ClearAudio+, S-Force Front Surround, Clear Phase\n                    <\/td>\n<\/tr>\n<tr>\n<td>T\u1ed5ng c\u00f4ng su\u1ea5t loa<\/td>\n<td class=\"last\">\n                        20W\n                    <\/td>\n<\/tr>\n<tr>\n<td>S\u1ed1 l\u01b0\u1ee3ng loa<\/td>\n<td class=\"last\">\n                        2\n                    <\/td>\n<\/tr>\n<tr>\n<td>Wifi<\/td>\n<td class=\"last\">\n                        C\u00f3, T\u00edch h\u1ee3p\n                    <\/td>\n<\/tr>\n<tr>\n<td>C\u1ed5ng internet (LAN)<\/td>\n<td class=\"last\">\n                        C\u00f3\n                    <\/td>\n<\/tr>\n<tr>\n<td>C\u1ed5ng HDMI<\/td>\n<td class=\"last\">\n                        3 C\u1ed5ng\n                    <\/td>\n<\/tr>\n<tr>\n<td>Component video<\/td>\n<td class=\"last\">\n                        C\u00f3\n                    <\/td>\n<\/tr>\n<tr>\n<td>Composite video<\/td>\n<td class=\"last\">\n                        C\u00f3\n                    <\/td>\n<\/tr>\n<tr>\n<td>VGA<\/td>\n<td class=\"last\">\n                        Kh\u00f4ng\n                    <\/td>\n<\/tr>\n<tr>\n<td>USB<\/td>\n<td class=\"last\">\n                        3 C\u1ed5ng\n                    <\/td>\n<\/tr>\n<tr>\n<td>Phim<\/td>\n<td class=\"last\">\n                        WebM, MP4, MPEG, WMV, MOV, FLV, M4V, MKV, AVI, DivX HD\n                    <\/td>\n<\/tr>\n<tr>\n<td>Ph\u1ee5 \u0111\u1ec1 Phim<\/td>\n<td class=\"last\">\n                        SRT\n                    <\/td>\n<\/tr>\n<tr>\n<td>H\u00ecnh \u1ea3nh<\/td>\n<td class=\"last\">\n                        PNG, MPO, JPEG, JPG, JPS\n                    <\/td>\n<\/tr>\n<tr>\n<td>\u00c2m Thanh<\/td>\n<td class=\"last\">\n                        MPA, AAC, WMA, WAV, MID, MP3, MKA, AC3, M4A, MIDI\n                    <\/td>\n<\/tr>\n<tr>\n<td>H\u1ec7 \u0111i\u1ec1u h\u00e0nh, giao di\u1ec7n<\/td>\n<td class=\"last\">\n                        Opera\n                    <\/td>\n<\/tr>\n<tr>\n<td>C\u00e1c \u1ee9ng d\u1ee5ng s\u1eb5n c\u00f3<\/td>\n<td class=\"last\">\n                        \u0110ang c\u1eadp nh\u1eadt\n                    <\/td>\n<\/tr>\n<tr>\n<td>C\u00e1c \u1ee9ng d\u1ee5ng ph\u1ed5 bi\u1ebfn c\u00f3 th\u1ec3 t\u1ea3i th\u00eam<\/td>\n<td class=\"last\">\n                        FPT Play, Zing Mp3, Zing TV, Nh\u1ea1c c\u1ee7a tui, Netflix, HTV Online, YAN News\n                    <\/td>\n<\/tr>\n<tr>\n<td>K\u1ebft n\u1ed1i kh\u00f4ng d\u00e2y v\u1edbi \u0111i\u1ec7n tho\u1ea1i, m\u00e1y t\u00ednh b\u1ea3ng<\/td>\n<td class=\"last\">\n                        Chi\u1ebfu m\u00e0n h\u00ecnh Screen Mirroring\n                    <\/td>\n<\/tr>\n<tr>\n<td>T\u01b0\u01a1ng t\u00e1c th\u00f4ng minh<\/td>\n<td class=\"last\">\n                        T\u00ecm ki\u1ebfm b\u1eb1ng gi\u1ecdng n\u00f3i (C\u00f3 h\u1ed7 tr\u1ee3 ti\u1ebfng vi\u1ec7t)\n                    <\/td>\n<\/tr>\n<tr>\n<td>SKU<\/td>\n<td class=\"last\">\n                        8901868946993\n                    <\/td>\n<\/tr>\n<tr>\n<td>Th\u01b0\u01a1ng hi\u1ec7u<\/td>\n<td class=\"last\">\n                        <a href=\"http:\/\/tiki.vn\/thuong-hieu\/sony.html\">Sony<\/a><\/p>\n<\/td>\n<\/tr>\n<tr>\n<td>M\u00e0u<\/td>\n<td class=\"last\">\n                        \u0110en<\/p>\n<\/td>\n<\/tr>\n<tr>\n<td>K\u00edch th\u01b0\u1edbc c\u00f3 ch\u00e2n\/\u0111\u1eb7t b\u00e0n <\/td>\n<td class=\"last\">\n                        (Ngang x Cao x D\u00e0y) 1238 x 775 x 252 mm\n                    <\/td>\n<\/tr>\n<tr>\n<td>Kh\u1ed1i l\u01b0\u1ee3ng c\u00f3 ch\u00e2n<\/td>\n<td class=\"last\">\n                        18.6Kg\n                    <\/td>\n<\/tr>\n<tr>\n<td>K\u00edch th\u01b0\u1edbc kh\u00f4ng ch\u00e2n\/treo t\u01b0\u1eddng<\/td>\n<td class=\"last\">\n                        (Ngang x Cao x D\u00e0y) 1238 x 722 x 58 mm\n                    <\/td>\n<\/tr>\n<tr>\n<td>Kh\u1ed1i l\u01b0\u1ee3ng kh\u00f4ng ch\u00e2n<\/td>\n<td class=\"last\">\n                        17.7Kg\n                    <\/td>\n<\/tr>\n<tr>\n<td>N\u01a1i s\u1ea3n xu\u1ea5t<\/td>\n<td class=\"last\">\n                        Malaysia\n                    <\/td>\n<\/tr>\n<tr>\n<td>M\u00f4 t\u1ea3 b\u1ea3o h\u00e0nh<\/td>\n<td class=\"last\">\n                        K\u00edch ho\u1ea1t b\u1ea3o h\u00e0nh sau 15 ng\u00e0y nh\u1eadn h\u00e0ng.\n                    <\/td>\n<\/tr>\n<tr>\n<td>Ph\u1ee5 ki\u1ec7n \u0111i k\u00e8m<\/td>\n<td class=\"last\">\n<ul>\n<li>S\u00e1ch h\u01b0\u1edbng d\u1eabn<\/li>\n<\/ul>\n<\/td>\n<\/tr>\n<\/tbody>\n<\/table><\/div>\n<h3 class=\"product-table-title\">M\u00f4 T\u1ea3 S\u1ea3n Ph\u1ea9m<\/h3>\n<div class=\"white-panel\">\n<div class=\"product-description\">\n<div class=\"product-content-detail\">\n<div id=\"gioi-thieu\" class=\"content js-content expand\" style=\"max-height: none\">\n<h5>Thi\u1ebft k\u1ebf si\u00eau m\u1ecfng, quy\u1ebfn r\u0169<\/h5>\n<p><strong> <a href=\"https:\/\/tiki.vn\/smart-internet-tivi\/c4239\/sony\">Smart Tivi Sony<\/a> 55 inch 4K KD-55X7000E <\/strong> \u0111\u01b0\u1ee3c&nbsp;thi\u1ebft k\u1ebf si\u00eau m\u1ecfng \u1ea5n t\u01b0\u1ee3ng Slim Aluminum, vi\u1ec1n m\u00e0n h\u00ecnh h\u1eb9p c\u1ef1c m\u1ecfng, mang n\u00e9t \u0111\u1eb9p quy\u1ebfn r\u0169, thu h\u00fat ng\u01b0\u1eddi ng\u01b0\u1eddi. Khi treo t\u01b0\u1eddng, <a href=\"https:\/\/tiki.vn\/ti-vi\/c5015\/sony\">tivi Sony<\/a> tr\u00f4ng nh\u01b0 m\u1ed9t b\u1ee9c tranh ngh\u1ec7 thu\u1eadt t\u1ea1i ph\u00f2ng tri\u1ec3n l\u00e3m, \u0111\u1eb9p \u0111\u1ebfn kh\u00f3 t\u1ea3.<\/p>\n<h5>H\u00ecnh \u1ea3nh ch\u00e2n th\u1eadt, ch\u1ea5t l\u01b0\u1ee3ng 4K<\/h5>\n<p>C\u00f4ng ngh\u1ec7 x\u1eed l\u00fd \u1ea3nh 4K X-Reality PRO \u0111\u1ed9c quy\u1ec1n c\u1ee7a Sony gi\u00fap n\u00e2ng cao ch\u1ea5t l\u01b0\u1ee3ng t\u1eebng \u0111i\u1ec3m \u1ea3nh, cho \u0111\u1ed9 r\u00f5 n\u00e9t v\u01b0\u1ee3t tr\u1ed9i. C\u00e1c \u0111i\u1ec3m \u1ea3nh \u0111\u01b0\u1ee3c ph\u00e2n t\u00edch v\u00e0 l\u00e0m s\u1eafc n\u00e9t, cho h\u00ecnh \u1ea3nh tinh t\u1ebf v\u00e0 ch\u00e2n th\u1ef1c \u0111\u1ebfn kinh ng\u1ea1c. K\u1ebft h\u1ee3p th\u00eam c\u00f4ng ngh\u1ec7 HDR gi\u00fap t\u0103ng \u0111\u1ed9 t\u01b0\u01a1ng ph\u1ea3n v\u00e0 m\u00e0u s\u1eafc v\u01b0\u1ee3t tr\u1ed9i, m\u00e0u s\u1eafc phong ph\u00fa v\u00e0 ch\u00ednh x\u00e1c v\u1edbi h\u01a1n 1 t\u1ec9 m\u00e0u s\u1eafc ri\u00eang bi\u1ec7t. HDR t\u00e1i hi\u1ec7n c\u00e1c v\u00f9ng t\u1ed1i v\u00e0 s\u00e1ng \u0111\u00e3 tr\u1edf n\u00ean ho\u00e0n to\u00e0n s\u1eafc n\u00e9t v\u00e0 chi ti\u1ebft h\u01a1n ti vi th\u01b0\u1eddng, mang \u0111\u1ebfn \u0111\u1ed9 s\u00e2u v\u00e0 t\u1ef1 nhi\u00ean cho h\u00ecnh \u1ea3nh.<\/p>\n<h5>Chuy\u1ec3n \u0111\u1ed9ng nhanh r\u00f5 n\u00e9t v\u1edbi c\u00f4ng ngh\u1ec7&nbsp;MotionflowXR 200 Hz<\/h5>\n<p>Sony KD-55X7000E t\u00edch h\u1ee3p c\u00f4ng ngh\u1ec7 qu\u00e9t h\u00ecnh&nbsp;MotionflowXR 200 Hz gi\u00fap gi\u1ea3m m\u1edd v\u00e0 \u0111\u1ed9 nhi\u1ec5u h\u00ecnh \u1ea3nh hi\u1ec7u qu\u1ea3, gi\u00fap cho nh\u1eefng c\u1ea3nh quay chuy\u1ec3n \u0111\u1ed9ng nhanh, nh\u1eefng cu\u1ed9c \u0111ua xe \u1ea5n t\u01b0\u1ee3ng hay nh\u1eefng pha h\u00e0nh \u0111\u1ed9ng \u0111\u1ea5u s\u00fang kinh \u0111i\u1ec3n t\u1ea5t c\u1ea3 s\u1ebd \u0111\u01b0\u1ee3c t\u00e1i hi\u1ec7n r\u00f5 n\u00e9t v\u00e0 m\u01b0\u1ee3t m\u00e0 t\u1eebng chi ti\u1ebft, t\u0103ng t\u00ednh k\u1ecbch t\u00ednh, l\u00f4i cu\u1ed1n v\u00e0 b\u1ea1n s\u1ebd kh\u00f4ng th\u1ec3 b\u1ecf l\u1ee1 nh\u1eefng ph\u00e2n \u0111o\u1ea1n h\u1ea5p d\u1eabn n\u00e0o.<\/p>\n<h5>\u00c2m thanh ho\u00e0n h\u1ea3o<\/h5>\n<p>C\u00f4ng ngh\u1ec7 \u00e2m thanh ClearAudio+ ph\u00e2n t\u00edch v\u00e0 tinh ch\u1ec9nh t\u1eebng n\u1ed9i dung \u00e2m thanh b\u1ea1n nghe v\u1edbi c\u00f4ng su\u1ea5t loa cao 20W s\u00f4i \u0111\u1ed9ng v\u00e0 m\u1ea1nh m\u1ebd gi\u00fap b\u1ea1n t\u1eadn h\u01b0\u1edfng \u0111\u01b0\u1ee3c nh\u1eefng giai \u0111i\u1ec7u, l\u1eddi tho\u1ea1i v\u00e0 hi\u1ec7u \u1ee9ng nh\u1ea1c n\u1ec1n trong tr\u1ebbo r\u00f5 r\u00e0ng, t\u00e1ch b\u1ea1ch tuy\u1ec7t v\u1eddi.<\/p>\n<h5>Th\u1ebf gi\u1edbi gi\u1ea3i tr\u00ed \u0111a d\u1ea1ng v\u00e0 \u0111\u1eb7c s\u1eafc<\/h5>\n<p>H\u1ec7 di\u1ec1u h\u00e0nh Opera TV tr\u00ean <a href=\"http:\/\/tiki.vn\/smart-internet-tivi\/c4239\">Smart tivi<\/a> 4K 55 inch Sony KD557000E mang \u0111\u1ebfn cho b\u1ea1n nhi\u1ec1u ti\u1ec7n \u00edch m\u1edf r\u1ed9ng v\u1ec1 tr\u00f2 ch\u01a1i, \u00e2m nh\u1ea1c, th\u1ec3 thao v\u00e0 c\u1ea3 video v\u00f4 c\u00f9ng th\u00fa v\u1ecb nh\u01b0: tr\u00ecnh duy\u1ec7t web, YouTube, FPT Play, Zing Mp3, Zing TV, nghe nh\u1ea1c c\u1ee7a tui, Netflix, HTV Online, YAN News&#8230; <a href=\"https:\/\/tiki.vn\/ti-vi\/c5015\">Tivi<\/a> k\u1ebft n\u1ed1i Internet th\u00f4ng minh, k\u1ebft n\u1ed1i <a href=\"http:\/\/tiki.vn\/usb-luu-tru\/c1828\">USB<\/a> v\u00e0 c\u1ed5ng HDMI h\u1ed5 tr\u1ee3 vi\u1ec7c k\u1ebft n\u1ed1i v\u00e0 chia s\u1ebd phong ph\u00fa \u0111a d\u1ea1ng h\u01a1n, \u0111\u00e1p \u1ee9ng nhu c\u1ea7u gi\u1ea3i tr\u00ed th\u00fa v\u1ecb.<\/p>\n<\/p><\/div>\n<\/p><\/div>\n<\/p><\/div>\n<\/p><\/div>\n<\/div>\n","protected":false},"excerpt":{"rendered":"<p>Thi\u1ebft k\u1ebf \u0111\u1eb9p m\u1eaft, tinh t\u1ebf<\/p>\n<p>M\u00e0n h\u00ecnh 55 inch 4K 3840 x 2160 pixel<\/p>\n<p>T\u1ea7n s\u1ed1 qu\u00e9t 200Hz<\/p>\n<p>B\u1ed9 n\u00e2ng c\u1ea5p h\u00ecnh \u1ea3nh Motionflow XR<\/p>\n<p>C\u00f4ng ngh\u1ec7 \u00e2m thanh ClearAudio+<\/p>\n<p>H\u1ec7 \u0111i\u1ec1u h\u00e0nh Opera TV<\/p>\n","protected":false},"featured_media":642,"template":"","meta":{"_acf_changed":false},"product_cat":[120],"product_tag":[],"class_list":{"0":"post-641","1":"product","2":"type-product","3":"status-publish","4":"has-post-thumbnail","6":"product_cat-uncategorized","8":"first","9":"onbackorder","10":"sale","11":"taxable","12":"shipping-taxable","13":"purchasable","14":"product-type-simple"},"acf":[],"_links":{"self":[{"href":"https:\/\/zsoftware.vn\/index.php?rest_route=\/wp\/v2\/product\/641"}],"collection":[{"href":"https:\/\/zsoftware.vn\/index.php?rest_route=\/wp\/v2\/product"}],"about":[{"href":"https:\/\/zsoftware.vn\/index.php?rest_route=\/wp\/v2\/types\/product"}],"wp:featuredmedia":[{"embeddable":true,"href":"https:\/\/zsoftware.vn\/index.php?rest_route=\/wp\/v2\/media\/642"}],"wp:attachment":[{"href":"https:\/\/zsoftware.vn\/index.php?rest_route=%2Fwp%2Fv2%2Fmedia&parent=641"}],"wp:term":[{"taxonomy":"product_cat","embeddable":true,"href":"https:\/\/zsoftware.vn\/index.php?rest_route=%2Fwp%2Fv2%2Fproduct_cat&post=641"},{"taxonomy":"product_tag","embeddable":true,"href":"https:\/\/zsoftware.vn\/index.php?rest_route=%2Fwp%2Fv2%2Fproduct_tag&post=641"}],"curies":[{"name":"wp","href":"https:\/\/api.w.org\/{rel}","templated":true}]}}