{"id":687,"date":"2018-01-03T11:03:57","date_gmt":"2018-01-03T11:03:57","guid":{"rendered":"http:\/\/localhost:8085\/tiki\/?post_type=product&#038;p=687"},"modified":"2018-01-03T11:03:57","modified_gmt":"2018-01-03T11:03:57","slug":"combo-5-ao-tay-ngan-be-trai-dobi-atn01","status":"publish","type":"product","link":"https:\/\/zsoftware.vn\/?product=combo-5-ao-tay-ngan-be-trai-dobi-atn01","title":{"rendered":"Combo 5 \u00c1o Tay Ng\u1eafn B\u00e9 Trai Dobi ATN01"},"content":{"rendered":"<div class=\"left\">\n<h3 class=\"product-table-title\">Th\u00f4ng Tin Chi Ti\u1ebft<\/h3>\n<div class=\"white-panel\">\n<div class=\"attribute-table single-table\"><\/div>\n<table id=\"chi-tiet\" cellspacing=\"0\" class=\"table table-bordered table-detail table-striped\">\n<colgroup>\n<col style=\"width: 25%;\">\n<col>\n            <\/colgroup>\n<tbody>\n<tr>\n<td>Th\u01b0\u01a1ng hi\u1ec7u<\/td>\n<td class=\"last\">\n                        <a href=\"http:\/\/tiki.vn\/thuong-hieu\/dobi.html\">Dobi<\/a><\/p>\n<\/td>\n<\/tr>\n<tr>\n<td>S\u1ea3n xu\u1ea5t t\u1ea1i<\/td>\n<td class=\"last\">\n                        Vi\u1ec7t Nam\n                    <\/td>\n<\/tr>\n<tr>\n<td>Model<\/td>\n<td class=\"last\">\n                        8936124410055\n                    <\/td>\n<\/tr>\n<tr>\n<td>L\u01b0u \u00fd<\/td>\n<td class=\"last\">\n<p><span style=\"color: #ff0000;\">S\u1ea3n ph\u1ea9m giao ng\u1eabu nhi\u00ean h\u1ecda ti\u1ebft th\u00eau h\u00ecnh th\u00fa d\u1ec5 th\u01b0\u01a1ng<\/span><\/p>\n<\/td>\n<\/tr>\n<tr>\n<td>Ch\u1ea5t li\u1ec7u<\/td>\n<td class=\"last\">\n                        Cotton 100%\n                    <\/td>\n<\/tr>\n<tr>\n<td>SKU<\/td>\n<td class=\"last\">\n                        3507191225948\n                    <\/td>\n<\/tr>\n<\/tbody>\n<\/table><\/div>\n<h3 class=\"product-table-title\">M\u00f4 T\u1ea3 S\u1ea3n Ph\u1ea9m<\/h3>\n<div class=\"white-panel\">\n<div class=\"product-description\">\n<div class=\"product-content-detail\">\n<div id=\"gioi-thieu\" class=\"content js-content expand\" itemprop=\"description\">\n<p><span style=\"font-size: small; color: #ff0000;\"><strong>L\u01b0u \u00fd:&nbsp;S\u1ea3n ph\u1ea9m giao ng\u1eabu nhi\u00ean h\u1ecda ti\u1ebft th\u00eau h\u00ecnh th\u00fa d\u1ec5 th\u01b0\u01a1ng<\/strong><\/span><\/p>\n<p><span style=\"font-size: medium; color: #0087ba;\"><strong>Combo 5 \u00c1o Tay Ng\u1eafn B\u00e9 Trai Dobi ATN01 <\/strong><\/span>\u0111\u01b0\u1ee3c \u0111\u1ef1ng trong h\u1ed9p \u0111\u1eb9p m\u1eaft, c\u00f3 th\u1ec3 d\u00f9ng l\u00e0m qu\u00e0 t\u1eb7ng c\u00e1c b\u00e9. \u00c1o \u0111\u01b0\u1ee3c may b\u1eb1ng ch\u1ea5t li\u1ec7u cotton tho\u00e1ng m\u00e1t v\u00e0 m\u1ec1m m\u1ea1i kh\u00f4ng g\u00e2y k\u00edch \u1ee9ng l\u00e0n da non n\u1edbt c\u1ee7a b\u00e9. Tr\u00ean vai \u00e1o c\u00f2n \u0111\u01b0\u1ee3c \u0111\u00ednh n\u00fat b\u1ea5m ti\u1ec7n d\u1ee5ng, gi\u00fap m\u1eb9 d\u1ec5 d\u00e0ng thay \u0111\u1ed3 cho b\u00e9.<\/p>\n<ul>\n<li>\u00c1o b\u00e9 \u0111\u01b0\u1ee3c l\u00e0m b\u1eb1ng cotton Borip, l\u00e0 lo\u1ea1i v\u1ea3i \u0111\u01b0\u1ee3c d\u1ec7t t\u1eeb 100% s\u1ee3i cotton. K\u1ef9 thu\u1eadt d\u1ec7t s\u1ee3i cho v\u1ea3i borip gi\u1ed1ng nh\u01b0 ki\u1ec3u \u0111an \u00e1o len t\u1ea1o n\u00ean \u0111\u1ed9 co gi\u00e3n cao cho v\u1ea3i. <\/li>\n<li> \u01afu \u0111i\u1ec3m c\u1ee7a ch\u1ea5t li\u1ec7u Cotton Borip l\u00e0 r\u1ea5t m\u1ec1m m\u1ea1i, th\u1ea5m h\u00fat m\u1ed3 h\u00f4i tuy\u1ec7t \u0111\u1ed1i, m\u00e0u s\u1eafc hoa v\u0103n phong ph\u00fa. <\/li>\n<li> Tr\u00ean m\u1ed7i s\u1ea3n ph\u1ea9m Dobi \u0111\u1ec1u c\u00f3 th\u00eau theo c\u00f4ng ngh\u1ec7 c\u1ee7a Nh\u1eadt h\u00ecnh c\u00e1c con th\u00fa \u0111\u00e1ng y\u00eau t\u1ea1o \u0111i\u1ec3m nh\u1ea5n \u0111\u1ed9c \u0111\u00e1o, ng\u1ed9 ngh\u0129nh cho b\u00e9. <\/li>\n<li> Set g\u1ed3m 5 s\u1ea3n ph\u1ea9m \u0111a d\u1ea1ng m\u00e0u v\u1ea3i v\u00e0 con th\u00eau. M\u1eabu v\u1ea3i v\u00e0 con th\u00eau lu\u00f4n \u0111\u01b0\u1ee3c thay \u0111\u1ed5i t\u1ea1o n\u00ean s\u1ef1 m\u1edbi m\u1ebb, \u0111a \u0111\u1ea1ng c\u1ee7a s\u1ea3n ph\u1ea9m Dobi. <\/li>\n<li>Tr\u00ean vai \u0111\u00ednh n\u00fat thu\u1eadn ti\u1ec7n \u0111\u1ec3 m\u1eb9 m\u1eb7c \u0111\u1ed3 cho b\u00e9.<\/li>\n<li> Size: 6M, 9M, 12M, 18M, 24M, 36M th\u00edch h\u1ee3p cho tr\u1ebb s\u01a1 sinh t\u1eeb 6 &#8211; 36 th\u00e1ng tu\u1ed5i. <\/li>\n<li> H\u1ed9p s\u1ea3n ph\u1ea9m \u0111\u1eb9p m\u1eaft c\u00f3 th\u1ec3 d\u00f9ng l\u00e0m qu\u00e0 t\u1eb7ng trong c\u00e1c d\u1ecbp \u0111\u1ea7y th\u00e1ng, th\u00f4i n\u00f4i, sinh nh\u1eadt. <\/li>\n<\/ul>\n<p><strong> Th\u00f4ng tin k\u00edch th\u01b0\u1edbc <\/strong><\/p>\n<p><img decoding=\"async\" style=\"display: block; margin-left: auto; margin-right: auto;\" title=\"Combo 5 \u00c1o Tay Ng\u1eafn B\u00e9 Trai Dobi ATN01\" alt=\"Combo 5 \u00c1o Tay Ng\u1eafn B\u00e9 Trai Dobi ATN01\" src=\"https:\/\/tikicdn.com\/media\/catalog\/product\/s\/i\/size.u2569.d20161228.t101312.917249.jpg\"><\/p>\n<p><strong> <\/strong><\/p>\n<ul>\n                    <\/ul>\n<\/p><\/div>\n<\/p><\/div>\n<\/p><\/div>\n<\/p><\/div>\n<\/div>\n","protected":false},"excerpt":{"rendered":"<p>Ch\u1ea5t li\u1ec7u cotton 100% m\u1ec1m m\u1ea1i<\/p>\n<p>C\u00f3 n\u00fat c\u00e0i \u1edf vai ti\u1ec7n l\u1ee3i khi thay \u0111\u1ed3 cho b\u00e9<\/p>\n<p>M\u00e0u s\u1eafc t\u01b0\u01a1i s\u00e1ng, h\u00ecnh th\u00eau d\u1ec5 th\u01b0\u01a1ng<\/p>\n<p>\u0110\u1ef1ng trong h\u1ed9p \u0111\u1eb9p m\u1eaft, c\u00f3 th\u1ec3 l\u00e0m qu\u00e0 t\u1eb7ng<\/p>\n","protected":false},"featured_media":688,"template":"","meta":{"_acf_changed":false},"product_cat":[115],"product_tag":[],"class_list":{"0":"post-687","1":"product","2":"type-product","3":"status-publish","4":"has-post-thumbnail","6":"product_cat-phan-mem-quan-ly-tai-san","8":"first","9":"instock","10":"sale","11":"taxable","12":"shipping-taxable","13":"purchasable","14":"product-type-simple"},"acf":[],"_links":{"self":[{"href":"https:\/\/zsoftware.vn\/index.php?rest_route=\/wp\/v2\/product\/687"}],"collection":[{"href":"https:\/\/zsoftware.vn\/index.php?rest_route=\/wp\/v2\/product"}],"about":[{"href":"https:\/\/zsoftware.vn\/index.php?rest_route=\/wp\/v2\/types\/product"}],"wp:featuredmedia":[{"embeddable":true,"href":"https:\/\/zsoftware.vn\/index.php?rest_route=\/wp\/v2\/media\/688"}],"wp:attachment":[{"href":"https:\/\/zsoftware.vn\/index.php?rest_route=%2Fwp%2Fv2%2Fmedia&parent=687"}],"wp:term":[{"taxonomy":"product_cat","embeddable":true,"href":"https:\/\/zsoftware.vn\/index.php?rest_route=%2Fwp%2Fv2%2Fproduct_cat&post=687"},{"taxonomy":"product_tag","embeddable":true,"href":"https:\/\/zsoftware.vn\/index.php?rest_route=%2Fwp%2Fv2%2Fproduct_tag&post=687"}],"curies":[{"name":"wp","href":"https:\/\/api.w.org\/{rel}","templated":true}]}}