{"id":691,"date":"2018-01-03T11:10:08","date_gmt":"2018-01-03T11:10:08","guid":{"rendered":"http:\/\/localhost:8085\/tiki\/?post_type=product&#038;p=691"},"modified":"2019-07-09T13:48:14","modified_gmt":"2019-07-09T06:48:14","slug":"combo-5-quan-dai-bo-cho-be-mihababy-qd08","status":"publish","type":"product","link":"https:\/\/zsoftware.vn\/?product=combo-5-quan-dai-bo-cho-be-mihababy-qd08","title":{"rendered":"Combo 5 Qu\u1ea7n D\u00e0i Bo Cho B\u00e9 MihaBaby QD08"},"content":{"rendered":"<div class=\"left\">\n<h3 class=\"product-table-title\">Th\u00f4ng Tin Chi Ti\u1ebft<\/h3>\n<div class=\"white-panel\">\n<div class=\"attribute-table single-table\"><\/div>\n<table id=\"chi-tiet\" cellspacing=\"0\" class=\"table table-bordered table-detail table-striped\">\n<colgroup>\n<col style=\"width: 25%;\">\n<col>\n            <\/colgroup>\n<tbody>\n<tr>\n<td>Th\u01b0\u01a1ng hi\u1ec7u<\/td>\n<td class=\"last\">\n                        <a href=\"http:\/\/tiki.vn\/thuong-hieu\/mihababy.html\">MihaBaby<\/a><\/p>\n<\/td>\n<\/tr>\n<tr>\n<td>S\u1ea3n xu\u1ea5t t\u1ea1i<\/td>\n<td class=\"last\">\n                        Vi\u1ec7t Nam\n                    <\/td>\n<\/tr>\n<tr>\n<td>Model<\/td>\n<td class=\"last\">\n                        QD08\n                    <\/td>\n<\/tr>\n<tr>\n<td>SKU<\/td>\n<td class=\"last\">\n                        7807130817644\n                    <\/td>\n<\/tr>\n<\/tbody>\n<\/table><\/div>\n<h3 class=\"product-table-title\">M\u00f4 T\u1ea3 S\u1ea3n Ph\u1ea9m<\/h3>\n<div class=\"white-panel\">\n<div class=\"product-description\">\n<div class=\"product-content-detail\">\n<div id=\"gioi-thieu\" class=\"content js-content expand\" itemprop=\"description\" style=\"max-height: none;\">\n<p style=\"text-align: justify;\"><span style=\"font-size: medium; color: #008ab7;\"><strong>Combo 5 Qu\u1ea7n D\u00e0i Bo Cho B\u00e9 MihaBaby QD08<\/strong><\/span><\/p>\n<p style=\"text-align: justify;\"><strong>Combo 5 Qu\u1ea7n D\u00e0i Bo Cho B\u00e9 MihaBaby QD08 <\/strong>v\u1edbi thi\u1ebft k\u1ebf in h\u00ecnh \u0111\u00e1ng y\u00eau v\u00e0 ng\u1ed9 ngh\u0129nh c\u00f9ng nh\u1eefng m\u00e0u s\u1eafc t\u01b0\u01a1i t\u1eafn, l\u00e0 s\u1ef1 l\u1ef1a ch\u1ecdn l\u00fd t\u01b0\u1edfng d\u00e0nh cho b\u00e9 y\u00eau c\u1ee7a b\u1ea1n. Ch\u1ea5t li\u1ec7u Cotton cao c\u1ea5p \u0111\u1ed9 co gi\u00e3n cao, tho\u00e1ng m\u00e1t v\u00e0 th\u1ea5m h\u00fat t\u1ed1t, gi\u00fap b\u00e9 tho\u1ea3i m\u00e1i v\u1eadn \u0111\u1ed9ng m\u00e0 kh\u00f4ng th\u1ea5y kh\u00f3 ch\u1ecbu. H\u01a1n n\u1eefa, ki\u1ec3u \u1ed1ng bo s\u1ebd mang l\u1ea1i c\u1ea3m gi\u00e1c \u1ea5m \u00e1p cho b\u00e9.<\/p>\n<p><img loading=\"lazy\" decoding=\"async\" style=\"display: block; margin-left: auto; margin-right: auto;\" title=\"Combo 5 Qu\u1ea7n D\u00e0i Bo Cho B\u00e9 MihaBaby QD08\" alt=\"Combo 5 Qu\u1ea7n D\u00e0i Bo Cho B\u00e9 MihaBaby QD08\" width=\"600\" height=\"600\" src=\"https:\/\/tikicdn.com\/media\/catalog\/product\/q\/d\/qd08_0.u699.d20160602.t093623.jpg\"><\/p>\n<p style=\"text-align: justify;\"><strong>Th\u00f4ng tin s\u1ea3n ph\u1ea9m<\/strong><\/p>\n<p style=\"text-align: justify;\"><strong>Ch\u1ea5t li\u1ec7u Cotton b\u1ec1n \u0111\u1eb9p, tho\u00e1ng m\u00e1t<\/strong><\/p>\n<p style=\"text-align: justify;\">S\u1ea3n ph\u1ea9m c\u00f3 th\u00e0nh ph\u1ea7n ch\u1ee7 y\u1ebfu l\u00e0 Cotton n\u00ean r\u1ea5t tho\u00e1ng m\u00e1t b\u1edfi \u0111\u1eb7c t\u00ednh th\u1ea5m h\u00fat m\u1ed3 h\u00f4i t\u1ed1t, b\u00e9 s\u1ebd tho\u1ea3i m\u00e1i vui ch\u01a1i c\u1ea3 ng\u00e0y m\u00e0 kh\u00f4ng th\u1ea5y kh\u00f3 ch\u1ecbu. B\u00ean c\u1ea1nh \u0111\u00f3, ch\u1ea5t li\u1ec7u n\u00e0y c\u0169ng d\u1ec5 d\u00e0ng gi\u1eb7t \u1ee7i, b\u1ec1n m\u00e0u, cho th\u1eddi gian s\u1eed d\u1ee5ng l\u00e2u d\u00e0i h\u01a1n.<\/p>\n<p style=\"text-align: justify;\"><strong>Thi\u1ebft k\u1ebf ki\u1ec3u \u1ed1ng bo, in h\u00ecnh ng\u1ed9 ng\u0129nh<\/strong><\/p>\n<p style=\"text-align: justify;\">B\u1ed9 s\u1ea3n ph\u1ea9m g\u1ed3m 5 qu\u1ea7n thun in h\u00ecnh \u0111\u1ed9ng v\u1eadt v\u1edbi 5 m\u00e0u s\u1eafc t\u01b0\u01a1i s\u00e1ng nh\u01b0: \u0111\u1ecf, cam, v\u00e0ng, xanh l\u00e1, xanh d\u01b0\u01a1ng, ch\u1eafc ch\u1eafn s\u1ebd khi\u1ebfn b\u00e9 tr\u1edf n\u00ean n\u1ed5i b\u1eadt v\u00e0 thu h\u00fat h\u01a1n. Th\u00eam v\u00e0o \u0111\u00f3, qu\u1ea7n c\u00f3 thi\u1ebft k\u1ebf ki\u1ec3u \u1ed1ng d\u00e0i bo gi\u00fap b\u1ea3o v\u1ec7 l\u00e0n da b\u00e9 c\u0169ng nh\u01b0 khi\u1ebfn b\u00e9 c\u1ea3m th\u1ea5y \u1ea5m \u00e1p h\u01a1n. Ki\u1ec3u qu\u1ea7n l\u01b0ng thun m\u1ec1m m\u1ea1i v\u00e0 co gi\u00e3n t\u1ed1t, s\u1ebd kh\u00f4ng in v\u1ebft h\u1eb1n l\u00ean da b\u00e9, r\u1ea5t an to\u00e0n v\u1edbi l\u00e0n da nh\u1ea1y c\u1ea3m.<\/p>\n<p style=\"text-align: justify;\"><strong>D\u1ec5 d\u00e0ng k\u1ebft h\u1ee3p v\u1edbi nhi\u1ec1u ki\u1ec3u trang ph\u1ee5c kh\u00e1c nhau<\/strong><\/p>\n<p style=\"text-align: justify;\">B\u1ed9 s\u1ea3n ph\u1ea9m v\u1edbi 5 m\u00e0u s\u1eafc kh\u00e1c nhau cho b\u00e9 tha h\u1ed3 thay \u0111\u1ed5i \u0111a d\u1ea1ng v\u00e0 m\u1edbi m\u1ebb h\u01a1n. H\u01a1n n\u1eefa, qu\u1ea7n c\u0169ng r\u1ea5t d\u1ec5 ph\u1ed1i v\u1edbi c\u00e1c lo\u1ea1i \u00e1o thun tay d\u00e0i \u1ea5m \u00e1p ho\u1eb7c tay ng\u1eafn n\u0103ng \u0111\u1ed9ng, t\u1ea1o nhi\u1ec1u phong c\u00e1ch \u0111\u00e1ng y\u00eau.<\/p>\n<p style=\"text-align: center;\"><strong><img loading=\"lazy\" decoding=\"async\" title=\"Combo 5 Qu\u1ea7n D\u00e0i Cho B\u00e9 MihaBaby QD07\" alt=\"Combo 5 Qu\u1ea7n D\u00e0i Cho B\u00e9 MihaBaby QD07\" width=\"300\" height=\"375\" data-src=\"https:\/\/tikicdn.com\/media\/catalog\/product\/s\/i\/size-quan-dai.u2569.d20161220.t145024.363938.jpg\" src=\"data:image\/gif;base64,R0lGODlhAQABAIAAAP\/\/\/wAAACH5BAEAAAAALAAAAAABAAEAAAICRAEAOw==\"><br \/><\/strong><\/p>\n<p style=\"text-align: center;\"><strong><img loading=\"lazy\" decoding=\"async\" title=\"Combo 5 Qu\u1ea7n Th\u1ec3 Thao Cho B\u00e9 MihaBaby QN04 - Tr\u1eafng\" alt=\"Combo 5 Qu\u1ea7n Th\u1ec3 Thao Cho B\u00e9 MihaBaby QN04 - Tr\u1eafng\" width=\"300\" height=\"376\" data-src=\"https:\/\/tikicdn.com\/media\/catalog\/product\/s\/i\/size-tuong-ung-kg.u2569.d20161220.t145024.398228.jpg\" src=\"data:image\/gif;base64,R0lGODlhAQABAIAAAP\/\/\/wAAACH5BAEAAAAALAAAAAABAAEAAAICRAEAOw==\"><\/strong><\/p>\n<p style=\"text-align: left;\"><strong><span style=\"color: #ff0000;\">L\u01b0u \u00fd khi s\u1eed d\u1ee5ng: Kh\u00e1ch h\u00e0ng vui l\u00f2ng gi\u1eb7t ri\u00eang s\u1ea3n ph\u1ea9m trong l\u1ea7n gi\u1eb7t \u0111\u1ea7u ti\u00ean<\/span><br \/><\/strong><\/p>\n<\/p><\/div>\n<\/p><\/div>\n<\/p><\/div>\n<\/p><\/div>\n<\/div>\n","protected":false},"excerpt":{"rendered":"<p>Ch\u1ea5t li\u1ec7u cotton m\u1ec1m m\u1ea1i, tho\u00e1ng m\u00e1t<\/p>\n<p>Thi\u1ebft k\u1ebf tay d\u00e0i \u1ed1ng bo ng\u1ed9 ngh\u0129nh<\/p>\n<p>Trang tr\u00ed h\u1ecda ti\u1ebft nh\u00e2n v\u1eadt ho\u1ea1t h\u00ecnh \u0111\u00e1ng y\u00eau<\/p>\n<p>Combo 3 b\u1ed9, thu\u1eadn ti\u1ec7n thay \u0111\u1ed5i h\u00e0ng ng\u00e0y<\/p>\n<p>S\u1ea3n ph\u1ea9m giao combo 3 m\u00e0u ng\u1eabu nhi\u00ean<\/p>\n","protected":false},"featured_media":692,"template":"","meta":{"_acf_changed":false},"product_cat":[115],"product_tag":[],"class_list":{"0":"post-691","1":"product","2":"type-product","3":"status-publish","4":"has-post-thumbnail","6":"product_cat-phan-mem-quan-ly-tai-san","8":"first","9":"instock","10":"sale","11":"taxable","12":"shipping-taxable","13":"purchasable","14":"product-type-simple"},"acf":[],"_links":{"self":[{"href":"https:\/\/zsoftware.vn\/index.php?rest_route=\/wp\/v2\/product\/691"}],"collection":[{"href":"https:\/\/zsoftware.vn\/index.php?rest_route=\/wp\/v2\/product"}],"about":[{"href":"https:\/\/zsoftware.vn\/index.php?rest_route=\/wp\/v2\/types\/product"}],"wp:featuredmedia":[{"embeddable":true,"href":"https:\/\/zsoftware.vn\/index.php?rest_route=\/wp\/v2\/media\/692"}],"wp:attachment":[{"href":"https:\/\/zsoftware.vn\/index.php?rest_route=%2Fwp%2Fv2%2Fmedia&parent=691"}],"wp:term":[{"taxonomy":"product_cat","embeddable":true,"href":"https:\/\/zsoftware.vn\/index.php?rest_route=%2Fwp%2Fv2%2Fproduct_cat&post=691"},{"taxonomy":"product_tag","embeddable":true,"href":"https:\/\/zsoftware.vn\/index.php?rest_route=%2Fwp%2Fv2%2Fproduct_tag&post=691"}],"curies":[{"name":"wp","href":"https:\/\/api.w.org\/{rel}","templated":true}]}}